{"id":907,"date":"2014-04-16T18:18:09","date_gmt":"2014-04-16T17:18:09","guid":{"rendered":"http:\/\/www.floraclic.fr\/fleursinfo\/?page_id=907"},"modified":"2026-03-13T09:09:36","modified_gmt":"2026-03-13T08:09:36","slug":"fleurs-enterrements","status":"publish","type":"page","link":"https:\/\/www.floraclic.eu\/fleursinfo\/fleurs-enterrements\/","title":{"rendered":"Fleurs pour enterrement : lieux, couleurs et religion quelle implications ?"},"content":{"rendered":"\n<p>Offrir des fleurs destin\u00e9es \u00e0 un enterrement permet de pr\u00e9senter ses condol\u00e9ances \u00e0 la famille d&#8217;une mani\u00e8re distingu\u00e9e et d&#8217;accompagner symboliquement le d\u00e9funt ou la d\u00e9funte dans son dernier voyage.<\/p>\n\n\n\n<p>La tradition des fleurs pour enterrement est pluri-mill\u00e9naire&#8230;<\/p>\n\n\n\n<h2 class=\"wp-block-heading\">Fleurs enterrement : les lieux de livraison des fleurs de deuil<\/h2>\n\n\n\n<div class=\"wp-block-columns is-layout-flex wp-container-core-columns-is-layout-9d6595d7 wp-block-columns-is-layout-flex\">\n<div class=\"wp-block-column is-layout-flow wp-block-column-is-layout-flow\" style=\"flex-basis:66.66%\">\n<p>Tout d\u00e9pend du mode de d\u00e9roulement des fun\u00e9railles.<\/p>\n\n\n\n<p>Les gerbes, bouquets, coussins, raquettes, pani\u00e8res et couronnes peuvent \u00eatre livr\u00e9es, selon les cas :<\/p>\n\n\n\n<h3 class=\"wp-block-heading\">Au domicile<\/h3>\n\n\n\n<p>Il faut bien vous assurer de la pr\u00e9sence d&#8217;un membre de la famille qui puisse r\u00e9ceptionner les fleurs (beaucoup de formalit\u00e9s et de d\u00e9placements les jours pr\u00e9c\u00e9dent les obs\u00e8ques).<\/p>\n\n\n\n<p>C&#8217;est la famille qui se chargera alors du transport des fleurs ou bien qui pr\u00e9f\u00e8rera les conserver au domicile pour m\u00e9moire.<\/p>\n\n\n\n<p>Pr\u00e9f\u00e9rez les bouquets, assemblages de plantes ou gerbes \u00e0 main de taille mod\u00e9r\u00e9e, plus adapt\u00e9s au transport en voiture particuli\u00e8re.<\/p>\n<\/div>\n\n\n\n<div class=\"wp-block-column is-layout-flow wp-block-column-is-layout-flow\" style=\"flex-basis:33.33%\"><div class=\"wp-block-image\">\n<figure class=\"aligncenter\"><a href=\"https:\/\/www.floraclic.eu\/deuil--gerbe-main-violet-rose-156\"><img loading=\"lazy\" decoding=\"async\" width=\"257\" height=\"300\" src=\"https:\/\/www.floraclic.eu\/fleursinfo\/wp-content\/uploads\/2014\/04\/GERBEROSEVIOLETTE-257x300.jpg\" alt=\"fleurs enterrement: gerbe de deuil violette et rose\" class=\"wp-image-935\" srcset=\"https:\/\/www.floraclic.eu\/fleursinfo\/wp-content\/uploads\/2014\/04\/GERBEROSEVIOLETTE-257x300.jpg 257w, https:\/\/www.floraclic.eu\/fleursinfo\/wp-content\/uploads\/2014\/04\/GERBEROSEVIOLETTE-128x150.jpg 128w, https:\/\/www.floraclic.eu\/fleursinfo\/wp-content\/uploads\/2014\/04\/GERBEROSEVIOLETTE.jpg 300w\" sizes=\"auto, (max-width: 257px) 100vw, 257px\" \/><\/a><figcaption class=\"wp-element-caption\">Gerbe Violet Rose<\/figcaption><\/figure>\n<\/div><\/div>\n<\/div>\n\n\n\n<h3 class=\"wp-block-heading\">A la chambre fun\u00e9raire<\/h3>\n\n\n\n<p>Cet usage est tr\u00e8s fr\u00e9quent. Les pi\u00e8ces florales de deuil et les cartes messages aff\u00e9rentes sont num\u00e9rot\u00e9es. Les cartes seront remises \u00e0 la famille apr\u00e8s la c\u00e9r\u00e9monie.<\/p>\n\n\n\n<p>Vous pouvez faire livrer tous types de compositions de fleurs (de petites ou grandes tailles): elles seront transport\u00e9es lors du convoi par le service des pompes fun\u00e8bres dans des v\u00e9hicules adapt\u00e9s. Gerbes \u00e0 main, gerbes piqu\u00e9es, coussins, raquettes, pani\u00e8res de fleurs, bouquets en r\u00e9serve d&#8217;eau, coupes de plantes d&#8217;ext\u00e9rieur sont bien adapt\u00e9s.<\/p>\n\n\n<div class=\"wp-block-image\">\n<figure class=\"alignleft\"><a href=\"https:\/\/www.floraclic.eu\/deuil--paniere-vert-blanc-388\"><img loading=\"lazy\" decoding=\"async\" width=\"257\" height=\"300\" src=\"https:\/\/www.floraclic.eu\/fleursinfo\/wp-content\/uploads\/2014\/04\/PANIEREBLANCVERT-257x300.jpg\" alt=\"fleurs enterrement: pani\u00e8re de fleurs d\u00e9c\u00e8s vert blanc\" class=\"wp-image-936\" srcset=\"https:\/\/www.floraclic.eu\/fleursinfo\/wp-content\/uploads\/2014\/04\/PANIEREBLANCVERT-257x300.jpg 257w, https:\/\/www.floraclic.eu\/fleursinfo\/wp-content\/uploads\/2014\/04\/PANIEREBLANCVERT-128x150.jpg 128w, https:\/\/www.floraclic.eu\/fleursinfo\/wp-content\/uploads\/2014\/04\/PANIEREBLANCVERT.jpg 300w\" sizes=\"auto, (max-width: 257px) 100vw, 257px\" \/><\/a><figcaption class=\"wp-element-caption\">Pani\u00e8re Vert Blanc<\/figcaption><\/figure>\n<\/div>\n\n\n<p>&nbsp;<\/p>\n\n\n\n<h3 class=\"wp-block-heading\">Sur le lieu de c\u00e9r\u00e9monie<\/h3>\n\n\n\n<p>La livraison des tr\u00e8s grosses compositions de fleurs pour deuil se fait de pr\u00e9f\u00e9rence directement sur le lieu de la c\u00e9r\u00e9monie religieuse. Les dessus de cercueil, les couronnes et couronnes \u00e0 fronton, les grandes raquettes et larges coussins sont ainsi mis en place harmonieusement par le fleuriste \u00e0 l&#8217;int\u00e9rieur de l&#8217;\u00e9glise.<\/p>\n\n\n\n<p>&nbsp;<\/p>\n\n\n\n<h3 class=\"wp-block-heading\">Au cr\u00e9matorium<\/h3>\n\n\n\n<p>Une c\u00e9r\u00e9monie de recueillement entre proches du ou de la d\u00e9funt(e) pr\u00e9c\u00e8de g\u00e9n\u00e9ralement \u00e0 la cr\u00e9mation. Pou les fleurs, il convient de choisir des compositions sp\u00e9cialement&nbsp; adapt\u00e9es \u00e0 la cr\u00e9mation. Certains cr\u00e9matorium accepteront les bouquets et les compositions piqu\u00e9es sur supports de mousse sp\u00e9cialement con\u00e7us pour la cr\u00e9mation, mais ce n&#8217;est pas une r\u00e8gle absolue. Certains \u00e9tablissements refusent les fleurs.&nbsp;Dans ce cas, il est toujours possible de faire livrer des fleurs destin\u00e9es \u00e0 fleurir l&#8217;urne fun\u00e9raire. Petits bouquets ou petits assemblages de plantes ou encore couronnes ou d\u00e9corations sp\u00e9cifiques d&#8217;urne sont pr\u00e9f\u00e9rables.<\/p>\n\n\n\n<h3 class=\"wp-block-heading\">&nbsp;Au cimeti\u00e8re<\/h3>\n\n\n\n<div class=\"wp-block-columns is-layout-flex wp-container-core-columns-is-layout-9d6595d7 wp-block-columns-is-layout-flex\">\n<div class=\"wp-block-column is-layout-flow wp-block-column-is-layout-flow\" style=\"flex-basis:66.66%\">\n<p>Dans le cas d&#8217;obs\u00e8ques civiles, une c\u00e9r\u00e9monie d&#8217;adieu est organis\u00e9e sur le lieu d&#8217;inhumation. Famille et proches se recueillent devant le tombeau. Pour un ultime hommage, la tradition veut que chaque participant au convoi des fun\u00e9railles jette une rose sur le cercueil avant l&#8217;ensevelissement. C&#8217;est un geste \u00e0 forte valeur symbolique destin\u00e9 \u00e0 mat\u00e9rialiser le lien qui unie ceux qui restent en ce monde \u00e0 celui ou celle qui s&#8217;en va.<\/p>\n\n\n\n<p>Tous types de compositions florales peuvent \u00eatre livr\u00e9es au cimeti\u00e8re. Et toutes les fleurs livr\u00e9es sur les diff\u00e9rents lieux pr\u00e9c\u00e9demment cit\u00e9s seront finalement transf\u00e9r\u00e9es sur la tombe. Les compostions de plantes d&#8217;ext\u00e9rieur assureront un fleurissement particuli\u00e8rement durable de la tombe.<\/p>\n<\/div>\n\n\n\n<div class=\"wp-block-column is-layout-flow wp-block-column-is-layout-flow\" style=\"flex-basis:33.33%\"><div class=\"wp-block-image\">\n<figure class=\"aligncenter\"><a href=\"https:\/\/www.floraclic.eu\/deces--couronne-rouge-553\"><img loading=\"lazy\" decoding=\"async\" width=\"257\" height=\"300\" src=\"https:\/\/www.floraclic.eu\/fleursinfo\/wp-content\/uploads\/2014\/04\/couronnerouge-257x300.jpg\" alt=\"fleurs enterrement: : couronne rouge\" class=\"wp-image-937\" srcset=\"https:\/\/www.floraclic.eu\/fleursinfo\/wp-content\/uploads\/2014\/04\/couronnerouge-257x300.jpg 257w, https:\/\/www.floraclic.eu\/fleursinfo\/wp-content\/uploads\/2014\/04\/couronnerouge-128x150.jpg 128w, https:\/\/www.floraclic.eu\/fleursinfo\/wp-content\/uploads\/2014\/04\/couronnerouge.jpg 300w\" sizes=\"auto, (max-width: 257px) 100vw, 257px\" \/><\/a><figcaption class=\"wp-element-caption\">Couronne Rouge<\/figcaption><\/figure>\n<\/div><\/div>\n<\/div>\n\n\n\n<h2 class=\"wp-block-heading\">Les types de fun\u00e9railles selon le culte religieux<\/h2>\n\n\n\n<p>Il est important de se renseigner sur le type de c\u00e9r\u00e9monie afin de comprendre le rituel qui lui correspond. Les traditions religieuses r\u00e9gissent souvent le d\u00e9roulement du convoi fun\u00e9raire et de la c\u00e9r\u00e9monie d&#8217;obs\u00e8ques en elle-m\u00eame.<\/p>\n\n\n\n<h3 class=\"wp-block-heading\">Fun\u00e9railles chr\u00e9tiennes<\/h3>\n\n\n\n<p>Les c\u00e9r\u00e9monies peuvent avoir lieu dans une \u00e9glise de ville ou bien dans une chapelle attenante \u00e0 un h\u00f4pital, \u00e0 une maison de retraite, parfois m\u00eame \u00e0 un cr\u00e9matorium ou \u00e0 grand cimeti\u00e8re (P\u00e8re Lachaise par exemple).<\/p>\n\n\n\n<h3 class=\"wp-block-heading\">Fun\u00e9railles protestantes<\/h3>\n\n\n\n<p>La tradition des fleurs de deuil est pratiqu\u00e9e, m\u00eame si les compositions de fleurs sobres sont pr\u00e9f\u00e9r\u00e9es.<\/p>\n\n\n\n<h3 class=\"wp-block-heading\">Fun\u00e9railles orthodoxes<\/h3>\n\n\n\n<p>Les offices sont c\u00e9l\u00e9br\u00e9es dans des \u00e9glises orthodoxes. Le cercueil restant ouvert, la tradition veut qu&#8217;on y d\u00e9pose des roses rouges. Ce sont des c\u00e9r\u00e9monies tr\u00e8s fleuries<\/p>\n\n\n\n<h3 class=\"wp-block-heading\">Fun\u00e9railles juives&nbsp;<\/h3>\n\n\n\n<p>Il n&#8217;y a pas de c\u00e9r\u00e9monie \u00e0 la synagogue, mais un service fun\u00e9raire au cimeti\u00e8re. La tradition veut que l&#8217;on d\u00e9pose de petits cailloux&nbsp; sur la tombe et non des fleurs. Des bouquets peuvent \u00eatre n\u00e9anmoins offerts \u00e0 la famille.<\/p>\n\n\n\n<h3 class=\"wp-block-heading\">Fun\u00e9railles musulmanes&nbsp;<\/h3>\n\n\n\n<p>Les c\u00e9r\u00e9monies peuvent avoir lieu \u00e0 la Mosqu\u00e9e ou directement au cimeti\u00e8re. L&#8217;usage veut que l&#8217;on verse trois poign\u00e9es de sable sur le cercueil au moment de l&#8217;inhumation. Les fleurs de deuil n&#8217;ont pas leur place dans ce rituel. On leur pr\u00e9f\u00e8rera les pri\u00e8res.<\/p>\n\n\n\n<h3 class=\"wp-block-heading\">Fun\u00e9railles bouddhistes&nbsp;<\/h3>\n\n\n\n<p>Ce rituel est souvent li\u00e9 \u00e0 la cr\u00e9mation ou \u00e0 l&#8217;enterrement traditionnel. La c\u00e9r\u00e9monie est c\u00e9l\u00e9br\u00e9e par un bonze sur le lieu d&#8217;inhumation. Les fleurs blanches sont privil\u00e9gi\u00e9es (couronnes, gerbe, bouquets). La fleur de lotus symbolise l&#8217;\u00e9ternit\u00e9 de la vie.<\/p>\n\n\n\n<h2 class=\"wp-block-heading\">La th\u00e9matique des couleurs des fleurs pour d\u00e9c\u00e8s<\/h2>\n\n\n\n<div class=\"wp-block-columns is-layout-flex wp-container-core-columns-is-layout-9d6595d7 wp-block-columns-is-layout-flex\">\n<div class=\"wp-block-column is-layout-flow wp-block-column-is-layout-flow\" style=\"flex-basis:33.33%\"><div class=\"wp-block-image\">\n<figure class=\"aligncenter\"><a href=\"https:\/\/www.floraclic.eu\/deuil--coussin-contemporain-orange-169\"><img loading=\"lazy\" decoding=\"async\" width=\"257\" height=\"300\" src=\"https:\/\/www.floraclic.eu\/fleursinfo\/wp-content\/uploads\/2014\/04\/PSY1017-257x300.jpg\" alt=\"fleurs enterrement: coussin deuil de fleurs orang\u00e9es\" class=\"wp-image-940\" srcset=\"https:\/\/www.floraclic.eu\/fleursinfo\/wp-content\/uploads\/2014\/04\/PSY1017-257x300.jpg 257w, https:\/\/www.floraclic.eu\/fleursinfo\/wp-content\/uploads\/2014\/04\/PSY1017-128x150.jpg 128w, https:\/\/www.floraclic.eu\/fleursinfo\/wp-content\/uploads\/2014\/04\/PSY1017.jpg 300w\" sizes=\"auto, (max-width: 257px) 100vw, 257px\" \/><\/a><figcaption class=\"wp-element-caption\">Coussin orang\u00e9<\/figcaption><\/figure>\n<\/div><\/div>\n\n\n\n<div class=\"wp-block-column is-layout-flow wp-block-column-is-layout-flow\" style=\"flex-basis:66.66%\">\n<p>La famille du d\u00e9funt ou de la d\u00e9funte organise les fleurs des fun\u00e9railles autour d&#8217;une th\u00e9matique de couleurs. Il est d&#8217;usage de respecter cette volont\u00e9, correspondant parfois aux souhaits directs du ou de la d\u00e9funte ou bien \u00e0 un hommage \u00e0 ses pr\u00e9f\u00e9rences en mati\u00e8re de fleurs.<\/p>\n\n\n\n<p><em><strong>Les fleurs blanches<\/strong><\/em> symboliseront la puret\u00e9, la spiritualit\u00e9, l&#8217;immat\u00e9rialit\u00e9 et se feront l&#8217;all\u00e9gorie de l&#8217;\u00e2me du d\u00e9funt et de la vie \u00e9ternelle.<\/p>\n<\/div>\n<\/div>\n\n\n\n<p><em><strong>Les fleurs rouges<\/strong><\/em> sont r\u00e9serv\u00e9es \u00e0 l&#8217;\u00e9poux, l&#8217;\u00e9pouse, les enfants ou la famille tr\u00e8s proche. Elles \u00e9voquent l&#8217;amour \u00e9prouv\u00e9 pour la personne disparue.<\/p>\n\n\n\n<p><em><strong>Les fleurs roses<\/strong><\/em> feront r\u00e9f\u00e9rence \u00e0 la tendresse, l&#8217;innocence, la candeur, la bienveillance.<\/p>\n\n\n\n<p>&nbsp;<em><strong>Les fleurs orang\u00e9es<\/strong><\/em>&nbsp; <em><strong>et jaunes<\/strong><\/em> repr\u00e9senteront une personnalit\u00e9 enjou\u00e9e, dynamique, chaleureuse.<\/p>\n\n\n\n<p>&nbsp;<em><strong>Les fleurs violettes et bleues :<\/strong><\/em> elles \u00e9voquent la pudeur, l&#8217;honneur, la probit\u00e9, la s\u00e9r\u00e9nit\u00e9, la pi\u00e9t\u00e9, incitent \u00e0 la paix de l&#8217;\u00e2me.<\/p>\n\n\n\n<p>Par Val\u00e9rie Admart<\/p>\n\n\n\n<p>&nbsp;<\/p>\n\n\n\n<p>Faites livrer vos fleurs de deuil 7j\/7 avec Floraclic. Collections d\u00e9di\u00e9es :&nbsp; <a href=\"https:\/\/www.floraclic.eu\/evenements-1\/deuil-30\" target=\"_blank\" rel=\"noreferrer noopener\">fleurs deuil<\/a>, <a title=\"gerbes deuil\" href=\"https:\/\/www.floraclic.eu\/evenements-1\/deuil-30\/gerbes-et-bouquets-47\" target=\"_blank\">gerbes fun\u00e9raires et bouquets deuil<\/a>, <a title=\"coussins mortuaires\" href=\"https:\/\/www.floraclic.eu\/evenements-1\/deuil-30\/coussins-et-panieres-78\" target=\"_blank\">coussins et pani\u00e8res fleuris<\/a>, <a title=\"couronnes fun\u00e9raires\" href=\"https:\/\/www.floraclic.eu\/evenements-1\/deuil-30\/couronnes-et-raquettes-79\" target=\"_blank\">couronnes mortuaires et raquettes<\/a>, <a title=\"plantes fleuries pour deuil\" href=\"https:\/\/www.floraclic.eu\/evenements-1\/deuil-30\/coupes-de-plantes-80\" target=\"_blank\">compositions de plantes fleuries<\/a><\/p>\n\n\n\n<p>Consultez notre <a href=\"https:\/\/www.floraclic.eu\/fleursinfo\/guide\/deuil\/\">Guide des fleurs pour deuil, obs\u00e8ques et cimeti\u00e8res<\/a><\/p>\n\n\n\n<p>&nbsp;<\/p>\n","protected":false},"excerpt":{"rendered":"<p>Offrir des fleurs destin\u00e9es \u00e0 un enterrement permet de pr\u00e9senter ses condol\u00e9ances \u00e0 la famille d&#8217;une mani\u00e8re distingu\u00e9e et d&#8217;accompagner symboliquement le d\u00e9funt ou la d\u00e9funte dans son dernier voyage. La tradition des fleurs pour enterrement est pluri-mill\u00e9naire&#8230; Fleurs enterrement : les lieux de livraison des fleurs de deuil Tout d\u00e9pend du mode de d\u00e9roulement [&hellip;]<\/p>\n","protected":false},"author":1,"featured_media":4211,"parent":0,"menu_order":0,"comment_status":"closed","ping_status":"open","template":"","meta":{"footnotes":""},"class_list":["post-907","page","type-page","status-publish","has-post-thumbnail","hentry"],"_links":{"self":[{"href":"https:\/\/www.floraclic.eu\/fleursinfo\/wp-json\/wp\/v2\/pages\/907","targetHints":{"allow":["GET"]}}],"collection":[{"href":"https:\/\/www.floraclic.eu\/fleursinfo\/wp-json\/wp\/v2\/pages"}],"about":[{"href":"https:\/\/www.floraclic.eu\/fleursinfo\/wp-json\/wp\/v2\/types\/page"}],"author":[{"embeddable":true,"href":"https:\/\/www.floraclic.eu\/fleursinfo\/wp-json\/wp\/v2\/users\/1"}],"replies":[{"embeddable":true,"href":"https:\/\/www.floraclic.eu\/fleursinfo\/wp-json\/wp\/v2\/comments?post=907"}],"version-history":[{"count":41,"href":"https:\/\/www.floraclic.eu\/fleursinfo\/wp-json\/wp\/v2\/pages\/907\/revisions"}],"predecessor-version":[{"id":4634,"href":"https:\/\/www.floraclic.eu\/fleursinfo\/wp-json\/wp\/v2\/pages\/907\/revisions\/4634"}],"wp:featuredmedia":[{"embeddable":true,"href":"https:\/\/www.floraclic.eu\/fleursinfo\/wp-json\/wp\/v2\/media\/4211"}],"wp:attachment":[{"href":"https:\/\/www.floraclic.eu\/fleursinfo\/wp-json\/wp\/v2\/media?parent=907"}],"curies":[{"name":"wp","href":"https:\/\/api.w.org\/{rel}","templated":true}]}}