{"id":68,"date":"2013-02-04T16:12:02","date_gmt":"2013-02-04T15:12:02","guid":{"rendered":"http:\/\/www.floraclic.fr\/fleursinfo\/?p=68"},"modified":"2026-03-12T16:19:03","modified_gmt":"2026-03-12T15:19:03","slug":"belles-fleurs-de-saint-valentin-les-coeurs-de-fleurs","status":"publish","type":"page","link":"https:\/\/www.floraclic.eu\/fleursinfo\/fleurs-saint-valentin-2\/belles-fleurs-de-saint-valentin-les-coeurs-de-fleurs\/","title":{"rendered":"Les c\u0153urs de fleurs"},"content":{"rendered":"\n<div class=\"wp-block-columns is-layout-flex wp-container-core-columns-is-layout-9d6595d7 wp-block-columns-is-layout-flex\">\n<div class=\"wp-block-column is-layout-flow wp-block-column-is-layout-flow\" style=\"flex-basis:33.33%\"><div class=\"wp-block-image\">\n<figure class=\"aligncenter size-large\"><img loading=\"lazy\" decoding=\"async\" width=\"337\" height=\"321\" src=\"https:\/\/www.floraclic.eu\/fleursinfo\/wp-content\/uploads\/2014\/02\/COEURROSESROUGES.jpg\" alt=\"\" class=\"wp-image-4081\" srcset=\"https:\/\/www.floraclic.eu\/fleursinfo\/wp-content\/uploads\/2014\/02\/COEURROSESROUGES.jpg 337w, https:\/\/www.floraclic.eu\/fleursinfo\/wp-content\/uploads\/2014\/02\/COEURROSESROUGES-250x238.jpg 250w\" sizes=\"auto, (max-width: 337px) 100vw, 337px\" \/><\/figure>\n<\/div><\/div>\n\n\n\n<div class=\"wp-block-column is-layout-flow wp-block-column-is-layout-flow\" style=\"flex-basis:66.66%\">\n<h2 class=\"wp-block-heading\"><strong>Indissociables de la Saint Valentin : les c\u0153urs de fleurs !<\/strong><\/h2>\n\n\n\n<p>Pour la Saint Valentin, grande f\u00eate des amoureux, chacun cherche \u00e0 surprendre et \u00e0 \u00e9merveiller l\u2019 \u00e9lu(e) de son c\u0153ur..Quoi de plus symbolique qu\u2019 un c\u0153ur r\u00e9alis\u00e9 en fleurs fra\u00eeches? La folie des c\u0153urs de fleurs envahit un peu plus chaque ann\u00e9e les \u00e9tals des fleuristes. D&#8217;apparence un peu on\u00e9reux, ces c\u0153urs floraux supposent souvent beaucoup de tiges et sont assez d\u00e9licats de r\u00e9alisation.<\/p>\n<\/div>\n<\/div>\n\n\n\n<h2 class=\"wp-block-heading\">\u00a0<strong>Compositions c\u0153ur &#8220;piqu\u00e9es&#8221;<\/strong><\/h2>\n\n\n\n<div class=\"wp-block-columns is-layout-flex wp-container-core-columns-is-layout-9d6595d7 wp-block-columns-is-layout-flex\">\n<div class=\"wp-block-column is-layout-flow wp-block-column-is-layout-flow\" style=\"flex-basis:66.66%\">\n<p>R\u00e9alis\u00e9es le plus couramment avec des boutons de roses rouges ou de roses travaill\u00e9es en cama\u00efeu de blanc, rose p\u00e2le, fuschia et rouge, le coeur est une composition piqu\u00e9e dans la mousse florale demandant rigueur et minutie \u00e0 celui qui le compose.\u00a0 Accessoiris\u00e9s de perles, de rubans ou seulement de feuillages savamment entrelac\u00e9s, le c\u0153ur floral est un cadeau de Saint-Valentin pr\u00e9cieux et d\u00e9licat.<br \/> Les c\u0153urs de fleurs sont \u00e9galement r\u00e9alisables avec des \u0153illets; des santinis ou autres vari\u00e9t\u00e9s d\u2019 alv\u00e9ol\u00e9es (marguerites, chrysanth\u00e8mes&#8230;) ou encore des fleurons d\u2019orchid\u00e9es (cymbidiums ou phalaenopsis).<\/p>\n<\/div>\n\n\n\n<div class=\"wp-block-column is-layout-flow wp-block-column-is-layout-flow\" style=\"flex-basis:33.33%\"><div class=\"wp-block-image\">\n<figure class=\"aligncenter\"><a href=\"https:\/\/www.floraclic.eu\/coeur-valentin-602\"><img loading=\"lazy\" decoding=\"async\" width=\"300\" height=\"300\" src=\"https:\/\/www.floraclic.eu\/fleursinfo\/wp-content\/uploads\/2014\/02\/Coeur-Valentin2-300x300.jpg\" alt=\"belles fleurs de saint valentin: coeur de roses et orchid\u00e9es\" class=\"wp-image-77\" srcset=\"https:\/\/www.floraclic.eu\/fleursinfo\/wp-content\/uploads\/2014\/02\/Coeur-Valentin2-300x300.jpg 300w, https:\/\/www.floraclic.eu\/fleursinfo\/wp-content\/uploads\/2014\/02\/Coeur-Valentin2-150x150.jpg 150w, https:\/\/www.floraclic.eu\/fleursinfo\/wp-content\/uploads\/2014\/02\/Coeur-Valentin2.jpg 450w\" sizes=\"auto, (max-width: 300px) 100vw, 300px\" \/><\/a><figcaption class=\"wp-element-caption\">Coeur Valentin: roses rouges et orchid\u00e9es blanches<\/figcaption><\/figure>\n<\/div><\/div>\n<\/div>\n\n\n\n<p>Le coeur est travaill\u00e9 de pr\u00e9f\u00e9rence avec une seule vari\u00e9t\u00e9 de fleurs afin que la forme-m\u00eame du c\u0153ur prenne le pas sur l\u2019 identit\u00e9 de la fleur. L&#8217;association de roses rouges et d&#8217;un ou deux fleurons d&#8217;orchid\u00e9es blanches est n\u00e9anmoins tr\u00e8s appr\u00e9ci\u00e9 pour sa valeur symbolique (amour passion et puret\u00e9).<\/p>\n\n\n\n<h2 class=\"wp-block-heading\"><strong>R\u00e9alisation d\u2019un c\u0153ur de fleurs<\/strong><\/h2>\n\n\n\n<p>Il vous faut hydrater une base de mousse florale (Oasis ou autre) en forme de c\u0153ur (avec support \u00e9tanche en-dessous&#8230;). NB:\u00a0 vous pouvez tr\u00e8s bien d\u00e9couper vous-m\u00eame un c\u0153ur dans des pains de mousse Oasis et les fixer sur un support (assiette, ardoise&#8230;).<\/p>\n\n\n\n<p>S\u00e9lectionnez votre vari\u00e9t\u00e9 de fleurs (commencez par une seule vari\u00e9t\u00e9 pour votre premi\u00e8re cr\u00e9ation; le r\u00e9sultat est plus parlant). Coupez les tiges en large biseau \u00e0 3\/4 cms de la t\u00eate. Piquez vos fleurs en commen\u00e7ant par la circonf\u00e9rence puis de mani\u00e8re concentrique.<\/p>\n\n\n\n<p>R\u00e9hydratez votre composition chaque jour en \u00e9vitant les boutons des fleurs.<\/p>\n\n\n\n<div class=\"wp-block-columns is-layout-flex wp-container-core-columns-is-layout-9d6595d7 wp-block-columns-is-layout-flex\">\n<div class=\"wp-block-column is-layout-flow wp-block-column-is-layout-flow\" style=\"flex-basis:33.33%\"><div class=\"wp-block-image\">\n<figure class=\"aligncenter\"><img loading=\"lazy\" decoding=\"async\" width=\"250\" height=\"250\" src=\"https:\/\/www.floraclic.eu\/fleursinfo\/wp-content\/uploads\/2014\/02\/AMOUR2.gif\" alt=\"belles fleurs de saint valentin: bouquet coeur\" class=\"wp-image-79\"\/><figcaption class=\"wp-element-caption\">Bouquet Amour: structure de sisal rouge<\/figcaption><\/figure>\n<\/div><\/div>\n\n\n\n<div class=\"wp-block-column is-layout-flow wp-block-column-is-layout-flow\" style=\"flex-basis:66.66%\">\n<h2 class=\"wp-block-heading\"><strong>Bouquets en forme de c\u0153ur<\/strong><\/h2>\n\n\n\n<p>Le bouquet en forme de c\u0153ur est un bouquet travaill\u00e9 \u00e0 la mani\u00e8re d\u2019un bouquet rond (tiges vrill\u00e9es). La forme de c\u0153ur est surtout donn\u00e9e par le travail de la circonf\u00e9rence soit avec des feuillages (typha, boucles de bear grass&#8230;), soit gr\u00e2ce \u00e0 un accessoire (sisal, \u00e9toffe, papier pour bulle, tulle&#8230;). Il existe \u00e9galement des structures m\u00e9talliques habill\u00e9es de sisal en forme de c\u0153ur, des structures d&#8217;osier&#8230;, le bouquet \u00e9tant con\u00e7u \u00e0 l\u2019int\u00e9rieur de ladite structure.<\/p>\n<\/div>\n<\/div>\n\n\n\n<h2 class=\"wp-block-heading\"><strong>La livraison de fleurs de fleurs pour la Saint Valentin<\/strong><\/h2>\n\n\n\n<p>A l&#8217;occasion de la Saint-Valentin, Floraclic vous propose une collection exclusive de c\u0153urs de fleurs piqu\u00e9s et de bouquets en forme de c\u0153ur. La livraison peut \u00eatre effectu\u00e9e en 4 heures ouvr\u00e9es \u00e0 domicile ou sur le lieu de travail. Prise de commandes en ligne jusqu\u2019 au 14 f\u00e9vrier \u00e0 10 heures pour une livraison de fleurs le jour-m\u00eame.<br \/>Restez dans l\u2019originalit\u00e9 et compl\u00e9tez votre commande de <a href=\"https:\/\/www.floraclic.eu\/evenements-1\/fetes-specifiques-18\/saintvalentin-19\">fleurs de Saint Valentin<\/a> par la livraison d\u2019 un ballotin de chocolats, d&#8217;une peluche ou encore de champagne!<\/p>\n\n\n\n<p>Les c\u0153urs de fleurs : une id\u00e9e originale et romantique&#8230; Les fleurs sont vectrices d\u2019\u00e9motion !<\/p>\n\n\n\n<p>Pour en savoir plus sur la Saint Valentin :<\/p>\n\n\n\n<ul class=\"wp-block-list\">\n<li><a title=\"La Saint Valentin: l\u2019 origine pa\u00efenne de la f\u00eate du 14 f\u00e9vrier.\" href=\"https:\/\/www.floraclic.eu\/fleursinfo\/la-saint-valentin-pourquoi-offrir-des-fleurs\/\" target=\"_blank\">La Saint Valentin : l&#8217;origine de la f\u00eate du 14 f\u00e9vrier<\/a><\/li>\n\n\n\n<li><a title=\"fleurs saint valentin\" href=\"https:\/\/www.floraclic.eu\/fleursinfo\/fleurs\/fleurs-saint-valentin-histoire-de-la-rose-rouge\/\" target=\"_blank\">Histoire et symbole de la rose rouge<\/a><\/li>\n\n\n\n<li><a title=\"Bouquets de Saint Valentin: les fleurs messag\u00e8res de nos \u00e9motions.\" href=\"https:\/\/www.floraclic.eu\/fleursinfo\/fleurs-saint-valentin-2\/bouquets-de-saint-valentin-les-fleurs-messageres-de-nos-emotions\/\" target=\"_blank\">Bouquets de Saint Valentin : fleurs messag\u00e8res de nos \u00e9motions<\/a><\/li>\n\n\n\n<li><a title=\"Saint Valentin: origines et l\u00e9gendes.\" href=\"https:\/\/www.floraclic.eu\/fleursinfo\/fleurs-saint-valentin-2\/saint-valentin-lorigines-et-legendes\/\" target=\"_blank\">Saint Valentin : origines et l\u00e9gendes<\/a><\/li>\n<\/ul>\n\n\n","protected":false},"excerpt":{"rendered":"<p>C\u0153urs de fleurs, c\u0153urs v\u00e9g\u00e9taux, d\u00e9cors en forme de coeur sont devenus les indispensables de la Saint-Valentin. D\u00e9licates et raffin\u00e9es, des compositions de fleurs travaill\u00e9es. D\u00e9couvrez comment r\u00e9aliser vous-m\u00eame un c\u0153ur de fleurs piqu\u00e9es.<\/p>\n","protected":false},"author":1,"featured_media":4081,"parent":0,"menu_order":0,"comment_status":"closed","ping_status":"open","template":"","meta":{"footnotes":""},"class_list":["post-68","page","type-page","status-publish","has-post-thumbnail","hentry"],"_links":{"self":[{"href":"https:\/\/www.floraclic.eu\/fleursinfo\/wp-json\/wp\/v2\/pages\/68","targetHints":{"allow":["GET"]}}],"collection":[{"href":"https:\/\/www.floraclic.eu\/fleursinfo\/wp-json\/wp\/v2\/pages"}],"about":[{"href":"https:\/\/www.floraclic.eu\/fleursinfo\/wp-json\/wp\/v2\/types\/page"}],"author":[{"embeddable":true,"href":"https:\/\/www.floraclic.eu\/fleursinfo\/wp-json\/wp\/v2\/users\/1"}],"replies":[{"embeddable":true,"href":"https:\/\/www.floraclic.eu\/fleursinfo\/wp-json\/wp\/v2\/comments?post=68"}],"version-history":[{"count":40,"href":"https:\/\/www.floraclic.eu\/fleursinfo\/wp-json\/wp\/v2\/pages\/68\/revisions"}],"predecessor-version":[{"id":4596,"href":"https:\/\/www.floraclic.eu\/fleursinfo\/wp-json\/wp\/v2\/pages\/68\/revisions\/4596"}],"wp:featuredmedia":[{"embeddable":true,"href":"https:\/\/www.floraclic.eu\/fleursinfo\/wp-json\/wp\/v2\/media\/4081"}],"wp:attachment":[{"href":"https:\/\/www.floraclic.eu\/fleursinfo\/wp-json\/wp\/v2\/media?parent=68"}],"curies":[{"name":"wp","href":"https:\/\/api.w.org\/{rel}","templated":true}]}}