{"id":517,"date":"2014-03-23T12:04:07","date_gmt":"2014-03-23T11:04:07","guid":{"rendered":"http:\/\/www.floraclic.fr\/fleursinfo\/?page_id=517"},"modified":"2026-03-12T13:25:16","modified_gmt":"2026-03-12T12:25:16","slug":"fleurs-anniversaire-origines-et-traditions","status":"publish","type":"page","link":"https:\/\/www.floraclic.eu\/fleursinfo\/fleurs-anniversaire-origines-et-traditions\/","title":{"rendered":"Fleurs anniversaire : f\u00eate, origine et tradition"},"content":{"rendered":"\n<p>Bouquets de fleurs color\u00e9s, pastel ou blancs;\u00a0 plantes fleuries pour l&#8217;int\u00e9rieur ou le jardin ; p\u00e2tisseries florales, gourmandes et ludiques : le choix des fleurs pour anniversaire ne cesse de se diversifier&#8230; Offrir des fleurs pour un anniversaire est un geste r\u00e9pandu et appr\u00e9ci\u00e9, courtois et romantique, fortement ancr\u00e9 dans les m\u0153urs, pratiqu\u00e9 dans le monde entier et pourtant, savez vous que&#8230;<\/p>\n\n\n\n<div class=\"wp-block-columns is-layout-flex wp-container-core-columns-is-layout-9d6595d7 wp-block-columns-is-layout-flex\">\n<div class=\"wp-block-column is-layout-flow wp-block-column-is-layout-flow\" style=\"flex-basis:33.33%\"><div class=\"wp-block-image\">\n<figure class=\"aligncenter\"><a href=\"https:\/\/www.floraclic.eu\/carre-surprise-297\"><img loading=\"lazy\" decoding=\"async\" width=\"280\" height=\"280\" src=\"https:\/\/www.floraclic.eu\/fleursinfo\/wp-content\/uploads\/2014\/03\/CARRESURPRISE.jpg\" alt=\"composition florale carr\u00e9e \u00e0 base de roses roses, orchid\u00e9es roses\" class=\"wp-image-561\" srcset=\"https:\/\/www.floraclic.eu\/fleursinfo\/wp-content\/uploads\/2014\/03\/CARRESURPRISE.jpg 280w, https:\/\/www.floraclic.eu\/fleursinfo\/wp-content\/uploads\/2014\/03\/CARRESURPRISE-150x150.jpg 150w\" sizes=\"auto, (max-width: 280px) 100vw, 280px\" \/><\/a><figcaption class=\"wp-element-caption\">Carr\u00e9 Surprise<\/figcaption><\/figure>\n<\/div><\/div>\n\n\n\n<div class=\"wp-block-column is-layout-flow wp-block-column-is-layout-flow\" style=\"flex-basis:66.66%\">\n<h2 class=\"wp-block-heading\"><span style=\"text-decoration: underline;\">La f\u00eate d&#8217;anniversaire<\/span><\/h2>\n\n\n\n<p>Souhaiter les anniversaires fait aujourd&#8217;hui l&#8217;unanimit\u00e9 (ou presque), mais c&#8217;est une tradition au d\u00e9veloppement pourtant r\u00e9cent !<\/p>\n\n\n\n<p>M\u00eame si l&#8217;usage qui consiste \u00e0 c\u00e9l\u00e9brer les anniversaires de naissances puise son origine dans de tr\u00e8s anciennes traditions, il ne deviendra coutumier qu&#8217;\u00e0 partir du <strong>20\u00e8me si\u00e8cle<\/strong>. Cette pratique a longtemps \u00e9t\u00e9 stigmatis\u00e9e dans notre monde occidental au profit de la f\u00eate calendaire des&#8221;saints&#8221; (li\u00e9s aux pr\u00e9noms de bapt\u00eame), le christianisme la consid\u00e9rant comme \u00e9tant d&#8217;origine purement pa\u00efenne et faisant de surcroit allusion au p\u00e9ch\u00e9 originel.<\/p>\n<\/div>\n<\/div>\n\n\n\n<div class=\"wp-block-columns is-layout-flex wp-container-core-columns-is-layout-9d6595d7 wp-block-columns-is-layout-flex\">\n<div class=\"wp-block-column is-layout-flow wp-block-column-is-layout-flow\" style=\"flex-basis:66.66%\">\n<p>A l&#8217;origine de cette f\u00eate d&#8217;anniversaire, la coutume voulait que l&#8217;on offre des <strong>cadeaux<\/strong> et que l&#8217;on allume des <strong>bougies<\/strong> pour conjurer les d\u00e9mons et assurer protection pour l&#8217; ann\u00e9e \u00e0 venir. Elle \u00e9tait d&#8217;ailleurs essentiellement r\u00e9serv\u00e9e aux puissants (empereurs, pharaons&#8230;) et prenait la forme d&#8217;une c\u00e9l\u00e9bration religieuse.<\/p>\n\n\n\n<p>Sa popularisation chez les <strong>Romains<\/strong> semble provenir du <strong>mithra\u00efsme<\/strong> (culte de Mithra) : l&#8217;anniversaire de Mithra faisant l&#8217;objet lui-m\u00eame de grandes c\u00e9l\u00e9brations (le 25 d\u00e9cembre &#8211; correspondance avec le solstice d&#8217;hiver).<\/p>\n<\/div>\n\n\n\n<div class=\"wp-block-column is-layout-flow wp-block-column-is-layout-flow\" style=\"flex-basis:33.33%\"><div class=\"wp-block-image\">\n<figure class=\"aligncenter\"><a href=\"https:\/\/www.floraclic.eu\/fleursinfo\/wp-content\/uploads\/2014\/03\/gateaudefleurs.jpg\"><img loading=\"lazy\" decoding=\"async\" width=\"273\" height=\"300\" src=\"https:\/\/www.floraclic.eu\/fleursinfo\/wp-content\/uploads\/2014\/03\/gateaudefleurs-273x300.jpg\" alt=\"g\u00e2teau de fleurs roses et vertes\" class=\"wp-image-568\" srcset=\"https:\/\/www.floraclic.eu\/fleursinfo\/wp-content\/uploads\/2014\/03\/gateaudefleurs-273x300.jpg 273w, https:\/\/www.floraclic.eu\/fleursinfo\/wp-content\/uploads\/2014\/03\/gateaudefleurs-933x1024.jpg 933w, https:\/\/www.floraclic.eu\/fleursinfo\/wp-content\/uploads\/2014\/03\/gateaudefleurs-136x150.jpg 136w, https:\/\/www.floraclic.eu\/fleursinfo\/wp-content\/uploads\/2014\/03\/gateaudefleurs.jpg 960w\" sizes=\"auto, (max-width: 273px) 100vw, 273px\" \/><\/a><figcaption class=\"wp-element-caption\">G\u00e2teau de fleurs<\/figcaption><\/figure>\n<\/div><\/div>\n<\/div>\n\n\n\n<h2 class=\"wp-block-heading\">Le g\u00e2teau d&#8217;anniversaire et ses bougies<\/h2>\n\n\n\n<p>Il semble lui provenir de la <strong>croyance grecque<\/strong> en l&#8217;esprit protecteur, une sorte d'&#8221;ange gardien&#8221; rattach\u00e9 \u00e0 une divinit\u00e9 et attribu\u00e9 \u00e0 la naissance de chacun (en fonction de la date de naissance-m\u00eame du dieu concern\u00e9 ).<\/p>\n\n\n\n<div class=\"wp-block-columns is-layout-flex wp-container-core-columns-is-layout-9d6595d7 wp-block-columns-is-layout-flex\">\n<div class=\"wp-block-column is-layout-flow wp-block-column-is-layout-flow\" style=\"flex-basis:33.33%\"><div class=\"wp-block-image\">\n<figure class=\"aligncenter\"><a href=\"https:\/\/www.floraclic.eu\/bouquet-rond-lys-blancs-54\"><img loading=\"lazy\" decoding=\"async\" width=\"300\" height=\"300\" src=\"https:\/\/www.floraclic.eu\/fleursinfo\/wp-content\/uploads\/2014\/02\/LYSBLANCSBOUQUETROND-300x300.jpg\" alt=\"bouquet de lys blancs\" class=\"wp-image-128\" srcset=\"https:\/\/www.floraclic.eu\/fleursinfo\/wp-content\/uploads\/2014\/02\/LYSBLANCSBOUQUETROND-300x300.jpg 300w, https:\/\/www.floraclic.eu\/fleursinfo\/wp-content\/uploads\/2014\/02\/LYSBLANCSBOUQUETROND-150x150.jpg 150w, https:\/\/www.floraclic.eu\/fleursinfo\/wp-content\/uploads\/2014\/02\/LYSBLANCSBOUQUETROND.jpg 350w\" sizes=\"auto, (max-width: 300px) 100vw, 300px\" \/><\/a><figcaption class=\"wp-element-caption\">Bouquet de lys blancs<\/figcaption><\/figure>\n<\/div><\/div>\n\n\n\n<div class=\"wp-block-column is-layout-flow wp-block-column-is-layout-flow\" style=\"flex-basis:66.66%\">\n<p>Pour les anniversaires d&#8217;enfants, on confectionnait alors des g\u00e2teaux ronds au miel, porteurs de bougies allum\u00e9es et on les d\u00e9posaient aux temples de la d\u00e9esse Art\u00e9mis afin d&#8217;obtenir sa protection (Art\u00e9mis \u00e9tait, entre autres attributs, la d\u00e9esse protectrice des enfants). De ce rite, vient \u00e9galement la notion de &#8220;bons souhaits&#8221; et de &#8220;v\u0153ux de bonheur&#8221;. Les bougies avaient l\u00e0 une valeur mystique, faisant appel \u00e0 l&#8217;esprit protecteur afin qu&#8217;il porte chance et exauce les souhaits pour un an.<\/p>\n\n\n\n<p>De nos jours, cadeaux, g\u00e2teaux&nbsp; et bougies sont toujours les piliers de cette c\u00e9l\u00e9bration.<\/p>\n<\/div>\n<\/div>\n\n\n\n<h2 class=\"wp-block-heading\">Les fleurs d&#8217;anniversaire<\/h2>\n\n\n\n<p>Les fleurs sont devenues incontournables : la po\u00e9sie de leur langage et le c\u00f4t\u00e9 festif et ludique d&#8217;un bouquet en font le cadeau id\u00e9al. Porteuses de joie et d&#8217;\u00e9motion, les fleurs participent volontiers \u00e0 la f\u00eate en cr\u00e9ant un d\u00e9cor, une d&#8217;ambiance propice.<\/p>\n\n\n\n<p><strong>Les bouquets de roses <\/strong>: la rose, la fleur souveraine et intemporelle. Romantisme, perfection et noblesse sont les lettres d&#8217;or qui ont fait de la rose, la fleur la plus offerte pour cet \u00e9v\u00e8nement. En bouquet rond ou en bouquet de grandes tiges, les roses se d\u00e9clinent en rose, rouge, blanc, jaune, orang\u00e9 et parme. pour une infinit\u00e9 de combinaisons.<\/p>\n\n\n\n<p><strong>Les bouquets de lys <\/strong>: les lys blancs &#8220;royaux&#8221; toujours tr\u00e8s appr\u00e9ci\u00e9s pour les anniversaires&nbsp; pour leurs vertus salvatrices et protectrices.&nbsp; Symbole de l&#8217;absolue puret\u00e9, de la gr\u00e2ce, de la beaut\u00e9, ils nous subjuguent aussi par leur parfum capiteux.<\/p>\n\n\n\n<p><strong>Les bouquets de fleurs color\u00e9es <\/strong>: des fleurs rouges, orang\u00e9es, jaunes, rose soutenu \u00e9voquent un feu d&#8217;artifice v\u00e9g\u00e9tal. Vives et chaleureuses, les fleurs de couleurs chaudes d\u00e9corent volontiers les tables d&#8217;anniversaire.<\/p>\n\n\n\n<div class=\"wp-block-columns is-layout-flex wp-container-core-columns-is-layout-9d6595d7 wp-block-columns-is-layout-flex\">\n<div class=\"wp-block-column is-layout-flow wp-block-column-is-layout-flow\" style=\"flex-basis:66.66%\">\n<p><strong>Les bouquets de fleurs pastel<\/strong> : tendres et diaphanes, les fleurs blanches, rose p\u00e2le, vert p\u00e2le, parme clair \u00e9voquent douceur et romantisme, sans omettre leur petit c\u00f4t\u00e9 sucr\u00e9 &#8211; gourmand \u00e9voquant la candeurs des p\u00e2tisseries.<\/p>\n\n\n\n<p><strong>Les compositions de fleurs tropicales <\/strong>: d\u00e9paysantes et chamarr\u00e9es, elles offrent tout le pouvoir de s\u00e9duction de l&#8217;exotisme. Strelitzias, h\u00e9liconias, alpinias, roses de porcelaines, prot\u00e9as, anthuriums se mettent en sc\u00e8ne pour une &#8220;Invitation au Voyage&#8221; imm\u00e9diate.<\/p>\n<\/div>\n\n\n\n<div class=\"wp-block-column is-layout-flow wp-block-column-is-layout-flow\" style=\"flex-basis:33.33%\"><div class=\"wp-block-image\">\n<figure class=\"aligncenter\"><a href=\"https:\/\/www.floraclic.eu\/fleursinfo\/wp-content\/uploads\/2014\/03\/STRUCTURE.png\"><img loading=\"lazy\" decoding=\"async\" width=\"211\" height=\"286\" src=\"https:\/\/www.floraclic.eu\/fleursinfo\/wp-content\/uploads\/2014\/03\/STRUCTURE.png\" alt=\"composition de fleurs exotiques\" class=\"wp-image-563\" srcset=\"https:\/\/www.floraclic.eu\/fleursinfo\/wp-content\/uploads\/2014\/03\/STRUCTURE.png 211w, https:\/\/www.floraclic.eu\/fleursinfo\/wp-content\/uploads\/2014\/03\/STRUCTURE-110x150.png 110w\" sizes=\"auto, (max-width: 211px) 100vw, 211px\" \/><\/a><figcaption class=\"wp-element-caption\">Composition de fleurs exotiques Structure<\/figcaption><\/figure>\n<\/div><\/div>\n<\/div>\n\n\n\n<div class=\"wp-block-columns is-layout-flex wp-container-core-columns-is-layout-9d6595d7 wp-block-columns-is-layout-flex\">\n<div class=\"wp-block-column is-layout-flow wp-block-column-is-layout-flow\" style=\"flex-basis:33.33%\"><div class=\"wp-block-image\">\n<figure class=\"alignleft\"><a href=\"https:\/\/www.floraclic.eu\/fleursinfo\/wp-content\/uploads\/2014\/02\/GATEAU.jpg\"><img loading=\"lazy\" decoding=\"async\" width=\"300\" height=\"300\" src=\"https:\/\/www.floraclic.eu\/fleursinfo\/wp-content\/uploads\/2014\/02\/GATEAU-300x300.jpg\" alt=\"g\u00e2teau de fleurs\" class=\"wp-image-135\" srcset=\"https:\/\/www.floraclic.eu\/fleursinfo\/wp-content\/uploads\/2014\/02\/GATEAU-300x300.jpg 300w, https:\/\/www.floraclic.eu\/fleursinfo\/wp-content\/uploads\/2014\/02\/GATEAU-150x150.jpg 150w, https:\/\/www.floraclic.eu\/fleursinfo\/wp-content\/uploads\/2014\/02\/GATEAU.jpg 600w\" sizes=\"auto, (max-width: 300px) 100vw, 300px\" \/><\/a><figcaption class=\"wp-element-caption\">G\u00e2teau de fleurs<\/figcaption><\/figure>\n<\/div><\/div>\n\n\n\n<div class=\"wp-block-column is-layout-flow wp-block-column-is-layout-flow\" style=\"flex-basis:66.66%\">\n<p><strong>Les g\u00e2teaux de fleurs <\/strong>: des compositions &#8220;craquantes&#8221;et mode inspir\u00e9es de p\u00e2tisseries. Charlottes, mille-feuilles, verrines, petits-fours v\u00e9g\u00e9taux &#8230; pour des jeux de fleurs gourmands et originaux.<\/p>\n\n\n\n<p><strong>Les orchid\u00e9es <\/strong>: fascinantes, s\u00e9ductrices et incitant au r\u00eave, toujours fortement appr\u00e9ci\u00e9es, les orchid\u00e9es se collectionnent \u00e0 l&#8217;infini et se conservent pendant des ann\u00e9es, refleurissant r\u00e9guli\u00e8rement avec un bon emplacement.<\/p>\n<\/div>\n<\/div>\n\n\n\n<div class=\"wp-block-columns is-layout-flex wp-container-core-columns-is-layout-9d6595d7 wp-block-columns-is-layout-flex\">\n<div class=\"wp-block-column is-layout-flow wp-block-column-is-layout-flow\" style=\"flex-basis:66.66%\">\n<p><strong>Les plantes fleuries et les assemblages de plantes <\/strong>: pour un cadeau \u00e0 la grande long\u00e9vit\u00e9. Les rosiers, hortensias, jacinthes, primev\u00e8res, pens\u00e9es, campanules, kalench\u0153s,\u00a0 spathiphyllums, brom\u00e9liac\u00e9es, cyclamens, b\u00e9gonias, narcisses, dahlias, g\u00e9raniums, surfinias, asters&#8230; peuplent de leur mille couleurs \u00e9clatantes et extr\u00eamement vari\u00e9es pani\u00e8res, coupes et jardini\u00e8res fleuries pour des semaines, voire des mois de plaisir.<\/p>\n<\/div>\n\n\n\n<div class=\"wp-block-column is-layout-flow wp-block-column-is-layout-flow\" style=\"flex-basis:33.33%\"><div class=\"wp-block-image\">\n<figure class=\"aligncenter\"><a href=\"https:\/\/www.floraclic.eu\/fleursinfo\/wp-content\/uploads\/2014\/03\/HORTENSIA.jpg\"><img loading=\"lazy\" decoding=\"async\" width=\"300\" height=\"300\" src=\"https:\/\/www.floraclic.eu\/fleursinfo\/wp-content\/uploads\/2014\/03\/HORTENSIA-300x300.jpg\" alt=\"Hortensia bleu\" class=\"wp-image-562\" srcset=\"https:\/\/www.floraclic.eu\/fleursinfo\/wp-content\/uploads\/2014\/03\/HORTENSIA-300x300.jpg 300w, https:\/\/www.floraclic.eu\/fleursinfo\/wp-content\/uploads\/2014\/03\/HORTENSIA-150x150.jpg 150w, https:\/\/www.floraclic.eu\/fleursinfo\/wp-content\/uploads\/2014\/03\/HORTENSIA.jpg 350w\" sizes=\"auto, (max-width: 300px) 100vw, 300px\" \/><\/a><figcaption class=\"wp-element-caption\">Hortensia fleuri<\/figcaption><\/figure>\n<\/div><\/div>\n<\/div>\n\n\n\n<p>Par Val\u00e9rie Admart<\/p>\n\n\n\n<p>Sur le m\u00eame sujet, vous pouvez consulter :<\/p>\n\n\n\n<ul class=\"wp-block-list\">\n<li>notre <strong>collection de <a href=\"https:\/\/www.floraclic.eu\/evenements-1\/occasions-31\/fleurs-anniversaire-38\" target=\"_blank\">fleurs pour anniversaire<\/a><\/strong><\/li>\n\n\n\n<li>nos pages et articles : <a href=\"https:\/\/www.floraclic.eu\/fleursinfo\/fleurs-anniversaire-les-bouquets-d-ete\/\" target=\"_blank\">Fleurs anniversaire : les bouquets d&#8217;\u00e9t\u00e9<\/a>, <a title=\"fleurs anniversaire\" href=\"https:\/\/www.floraclic.eu\/fleursinfo\/fleurs-anniversaire\/fleurs-anniversaire-les-gateaux-de-fleurs\/\" target=\"_blank\">Les g\u00e2teaux de fleurs pour anniversaire<\/a><\/li>\n<\/ul>\n\n\n\n<p>&nbsp;<\/p>\n\n\n\n<p>&nbsp;<\/p>\n","protected":false},"excerpt":{"rendered":"<p>Bouquets de fleurs color\u00e9s, pastel ou blancs;\u00a0 plantes fleuries pour l&#8217;int\u00e9rieur ou le jardin ; p\u00e2tisseries florales, gourmandes et ludiques : le choix des fleurs pour anniversaire ne cesse de se diversifier&#8230; Offrir des fleurs pour un anniversaire est un geste r\u00e9pandu et appr\u00e9ci\u00e9, courtois et romantique, fortement ancr\u00e9 dans les m\u0153urs, pratiqu\u00e9 dans le [&hellip;]<\/p>\n","protected":false},"author":1,"featured_media":0,"parent":0,"menu_order":0,"comment_status":"closed","ping_status":"closed","template":"","meta":{"footnotes":""},"class_list":["post-517","page","type-page","status-publish","hentry"],"_links":{"self":[{"href":"https:\/\/www.floraclic.eu\/fleursinfo\/wp-json\/wp\/v2\/pages\/517","targetHints":{"allow":["GET"]}}],"collection":[{"href":"https:\/\/www.floraclic.eu\/fleursinfo\/wp-json\/wp\/v2\/pages"}],"about":[{"href":"https:\/\/www.floraclic.eu\/fleursinfo\/wp-json\/wp\/v2\/types\/page"}],"author":[{"embeddable":true,"href":"https:\/\/www.floraclic.eu\/fleursinfo\/wp-json\/wp\/v2\/users\/1"}],"replies":[{"embeddable":true,"href":"https:\/\/www.floraclic.eu\/fleursinfo\/wp-json\/wp\/v2\/comments?post=517"}],"version-history":[{"count":69,"href":"https:\/\/www.floraclic.eu\/fleursinfo\/wp-json\/wp\/v2\/pages\/517\/revisions"}],"predecessor-version":[{"id":4582,"href":"https:\/\/www.floraclic.eu\/fleursinfo\/wp-json\/wp\/v2\/pages\/517\/revisions\/4582"}],"wp:attachment":[{"href":"https:\/\/www.floraclic.eu\/fleursinfo\/wp-json\/wp\/v2\/media?parent=517"}],"curies":[{"name":"wp","href":"https:\/\/api.w.org\/{rel}","templated":true}]}}