{"id":3,"date":"2022-12-21T19:20:00","date_gmt":"2022-12-21T18:20:00","guid":{"rendered":"http:\/\/www.floraclic.fr\/fleursinfo\/?p=3"},"modified":"2026-03-12T13:10:28","modified_gmt":"2026-03-12T12:10:28","slug":"strelitzia-l-oiseau-de-paradis","status":"publish","type":"page","link":"https:\/\/www.floraclic.eu\/fleursinfo\/strelitzia-l-oiseau-de-paradis\/","title":{"rendered":"Strelitzia : l&#8217;oiseau de Paradis"},"content":{"rendered":"\n<div class=\"wp-block-columns is-layout-flex wp-container-core-columns-is-layout-9d6595d7 wp-block-columns-is-layout-flex\">\n<div class=\"wp-block-column is-layout-flow wp-block-column-is-layout-flow\" style=\"flex-basis:66.66%\">\n<p>Le <strong>strelitzia reginae<\/strong> est la fleur symbole des compositions florales exotiques. La fleur de strelitzia \u00e9voque la t\u00eate d&#8217;un oiseau tropical.<\/p>\n\n\n\n<p>Originaire essentiellement d&#8217;Afrique du Sud, il doit son nom \u00e0 la reine (reginae) Charlotte de Mecklenburg-<em>Strelitz<\/em> (\u00e9pouse de George III d&#8217;Angleterre).<\/p>\n\n\n\n<p>Sa silhouette \u00e9lanc\u00e9e, son port tout en prestance et ses coloris toniques orange et bleu, en font le symbole de l&#8217;exotisme et de l&#8217; &#8220;invitation au voyage&#8221;. Il vous permet de donner un petit air&#8230;&nbsp; \u00e0 votre int\u00e9rieur.<\/p>\n<\/div>\n\n\n\n<div class=\"wp-block-column is-layout-flow wp-block-column-is-layout-flow\" style=\"flex-basis:33.33%\"><div class=\"wp-block-image\">\n<figure class=\"aligncenter\"><a href=\"https:\/\/www.floraclic.eu\/composition-aloha-413\"><img loading=\"lazy\" decoding=\"async\" width=\"300\" height=\"300\" src=\"https:\/\/www.floraclic.eu\/fleursinfo\/wp-content\/uploads\/2014\/01\/ALOHA-300x300.jpg\" alt=\"composition de fleurs exotiques avec strelitzia\" class=\"wp-image-6\" srcset=\"https:\/\/www.floraclic.eu\/fleursinfo\/wp-content\/uploads\/2014\/01\/ALOHA-300x300.jpg 300w, https:\/\/www.floraclic.eu\/fleursinfo\/wp-content\/uploads\/2014\/01\/ALOHA-150x150.jpg 150w, https:\/\/www.floraclic.eu\/fleursinfo\/wp-content\/uploads\/2014\/01\/ALOHA.jpg 500w\" sizes=\"auto, (max-width: 300px) 100vw, 300px\" \/><\/a><figcaption class=\"wp-element-caption\">Composition Aloha : stelitzias, anthuriums blancs, alpinias rouges, dendrobium blanc<\/figcaption><\/figure>\n<\/div><\/div>\n<\/div>\n\n\n\n<p>Les strelitzias se rencontrent en Afrique du Sud, Mozambique, Zimbabwe.<\/p>\n\n\n\n<div class=\"wp-block-columns is-layout-flex wp-container-core-columns-is-layout-9d6595d7 wp-block-columns-is-layout-flex\">\n<div class=\"wp-block-column is-layout-flow wp-block-column-is-layout-flow\" style=\"flex-basis:33.33%\"><div class=\"wp-block-image\">\n<figure class=\"aligncenter\"><a href=\"https:\/\/www.floraclic.eu\/fleursinfo\/wp-content\/uploads\/2010\/12\/composition-de-fleurs-exotiques-strelitzia-anthurium-alpinia-dendrobium-rouge-vert-orange-hawai.jpg\"><img loading=\"lazy\" decoding=\"async\" width=\"300\" height=\"300\" src=\"https:\/\/www.floraclic.eu\/fleursinfo\/wp-content\/uploads\/2010\/12\/composition-de-fleurs-exotiques-strelitzia-anthurium-alpinia-dendrobium-rouge-vert-orange-hawai-300x300.jpg\" alt=\"composition de fleurs exotiques avec strelitzia\" class=\"wp-image-3048\" srcset=\"https:\/\/www.floraclic.eu\/fleursinfo\/wp-content\/uploads\/2010\/12\/composition-de-fleurs-exotiques-strelitzia-anthurium-alpinia-dendrobium-rouge-vert-orange-hawai-300x300.jpg 300w, https:\/\/www.floraclic.eu\/fleursinfo\/wp-content\/uploads\/2010\/12\/composition-de-fleurs-exotiques-strelitzia-anthurium-alpinia-dendrobium-rouge-vert-orange-hawai-150x150.jpg 150w, https:\/\/www.floraclic.eu\/fleursinfo\/wp-content\/uploads\/2010\/12\/composition-de-fleurs-exotiques-strelitzia-anthurium-alpinia-dendrobium-rouge-vert-orange-hawai.jpg 500w\" sizes=\"auto, (max-width: 300px) 100vw, 300px\" \/><\/a><\/figure>\n<\/div><\/div>\n\n\n\n<div class=\"wp-block-column is-layout-flow wp-block-column-is-layout-flow\" style=\"flex-basis:66.66%\">\n<p>Ils sont maintenant cultiv\u00e9s dans de nombreuses zones comme par exemple sur la C\u00f4te d&#8217;Azur fran\u00e7aise.<br \/>Dans la nature, les strelitzias portent de grandes feuilles coriaces, vert fonc\u00e9, dispos\u00e9es en \u00e9ventail. Certaines esp\u00e8ces peuvent atteindre jusqu&#8217;\u00e0 7,50 m.<\/p>\n\n\n\n<p>Le strelitzia \u00e9voque des notions de libert\u00e9 et d&#8217; immortalit\u00e9 ou bien de magnificence et de joie.<\/p>\n\n\n\n<p>D&#8217;autres liront dans son &#8220;animalit\u00e9&#8221; une all\u00e9gorie de l&#8217;amour charnel&#8230;<\/p>\n\n\n\n<p>Son graphisme hors du commun en fait un sujet de r\u00eave pour des compositions minimalistes type ikebana.<\/p>\n<\/div>\n<\/div>\n\n\n\n<p>Quelques fleurs de strelitzias d\u00e9grad\u00e9es en hauteur comme point d&#8217;orgue d&#8217;une composition florale piqu\u00e9e ou d&#8217;un bouquet exotique, assureront une touche d&#8217;exotisme, de couleur et de d\u00e9paysement incomparable.<br \/>Associez-les \u00e0 des callas jaunes et \u00e0 des fleurs de curcumas parme \u00e9galement d\u00e9grad\u00e9es en hauteur, \u00e0 des fleurs d&#8217;anthuriums vertes ou rouges. Habillez votre composition de feuilles d&#8217;ar\u00e9cas, de chiccos et de strelitzias.<\/p>\n\n\n\n<p>Veillez \u00e0 conserver vos strelitzias coup\u00e9s \u00e0 une temp\u00e9rature sup\u00e9rieure \u00e0 8\u00b0 et dans une eau sup\u00e9rieure \u00e0 10 : il noircissent au froid.<\/p>\n\n\n\n<p>Tr\u00e8s rare, il existe un strelitzia blanc : le strelitzia nicolai, une esp\u00e8ce arborescente de tr\u00e8s grande taille&#8230;<\/p>\n\n\n\n<p class=\"has-text-align-center\">Consultez <strong>notre collection de <a title=\"fleurs exotiques\" href=\"https:\/\/www.floraclic.eu\/produits-2\/bouquets-8\/fleurs-exotiques-93\" target=\"_blank\">bouquets exotiques<\/a><\/strong><\/p>\n","protected":false},"excerpt":{"rendered":"<p>Les strelitzias: la fleur exotique la plus populaire. Origine et emploi de cette fleur tropicale tr\u00e8s employ\u00e9e en fleuristerie.<\/p>\n","protected":false},"author":1,"featured_media":4037,"parent":0,"menu_order":0,"comment_status":"closed","ping_status":"open","template":"","meta":{"footnotes":""},"class_list":["post-3","page","type-page","status-publish","has-post-thumbnail","hentry"],"_links":{"self":[{"href":"https:\/\/www.floraclic.eu\/fleursinfo\/wp-json\/wp\/v2\/pages\/3","targetHints":{"allow":["GET"]}}],"collection":[{"href":"https:\/\/www.floraclic.eu\/fleursinfo\/wp-json\/wp\/v2\/pages"}],"about":[{"href":"https:\/\/www.floraclic.eu\/fleursinfo\/wp-json\/wp\/v2\/types\/page"}],"author":[{"embeddable":true,"href":"https:\/\/www.floraclic.eu\/fleursinfo\/wp-json\/wp\/v2\/users\/1"}],"replies":[{"embeddable":true,"href":"https:\/\/www.floraclic.eu\/fleursinfo\/wp-json\/wp\/v2\/comments?post=3"}],"version-history":[{"count":28,"href":"https:\/\/www.floraclic.eu\/fleursinfo\/wp-json\/wp\/v2\/pages\/3\/revisions"}],"predecessor-version":[{"id":4578,"href":"https:\/\/www.floraclic.eu\/fleursinfo\/wp-json\/wp\/v2\/pages\/3\/revisions\/4578"}],"wp:featuredmedia":[{"embeddable":true,"href":"https:\/\/www.floraclic.eu\/fleursinfo\/wp-json\/wp\/v2\/media\/4037"}],"wp:attachment":[{"href":"https:\/\/www.floraclic.eu\/fleursinfo\/wp-json\/wp\/v2\/media?parent=3"}],"curies":[{"name":"wp","href":"https:\/\/api.w.org\/{rel}","templated":true}]}}