{"id":189,"date":"2014-02-21T18:20:30","date_gmt":"2014-02-21T17:20:30","guid":{"rendered":"http:\/\/www.floraclic.fr\/fleursinfo\/?page_id=189"},"modified":"2026-02-25T18:11:42","modified_gmt":"2026-02-25T17:11:42","slug":"fleurs-fete-des-grands-meres-champetre-ou-design","status":"publish","type":"page","link":"https:\/\/www.floraclic.eu\/fleursinfo\/fleurs-fete-des-grands-meres-champetre-ou-design\/","title":{"rendered":"Fleurs F\u00eate des Grands M\u00e8res : tendance champ\u00eatre ou design ?"},"content":{"rendered":"\n<p>La <strong>F\u00eate des Grands-M\u00e8res<\/strong> est une f\u00eate calendaire bien ancr\u00e9e dans nos habitudes: chaque premier dimanche de mars, coutume est prise de c\u00e9l\u00e9brer nos ch\u00e8res mamies. F\u00eate &#8220;implant\u00e9e&#8221; par l&#8217;inventif fondateur de la marque de caf\u00e9 Grand&#8217;M\u00e8re, elle a perdu peu \u00e0 peu de son caract\u00e8re purement commercial pour gagner en popularit\u00e9. Sympathique et r\u00e9pondant apparemment \u00e0 un devoir essentiel de m\u00e9moire, cette jeune tradition a su cr\u00e9er l&#8217;engouement aupr\u00e8s de tous les petits-enfants,&nbsp; jeunes ou moins jeunes, jouant sur la corde affective inter-g\u00e9n\u00e9rationnelle&#8230; Puis petit \u00e0 petit, les fleurs se sont tout naturellement associ\u00e9es \u00e0 la c\u00e9l\u00e9bration de cette f\u00eate&#8230;<\/p>\n\n\n\n<p>Mais quelles fleurs offrir \u00e0 nos mamies pour leur rappeler qu&#8217;elles sont toujours dans nos pens\u00e9es, sans fausse note?&#8230;. La t\u00e2che n&#8217;est pas si facile, d&#8217;autant que l&#8217;\u00e2ge de nos mamies peut-\u00eatre vraiment diff\u00e9rer. Il n&#8217;y a pas de r\u00e8gle d&#8217;or. Les m\u00eames styles et modes florales ne s\u00e9duiront pas forc\u00e9ment de la m\u00eame mani\u00e8re la&nbsp; jeune mamie hyper-active de 45 ans ou la mamie nonag\u00e9naire (pas forc\u00e9ment inactive pour autant!!)&#8230;<\/p>\n\n\n\n<p><strong>Consultez notre collection de bouquets : <a href=\"https:\/\/www.floraclic.eu\/evenements-1\/fetes-specifiques-18\/fleurs-fete-des-grand-meres-37\" target=\"_blank\">fleurs f\u00eate des Grands-M\u00e8res<\/a><\/strong><\/p>\n\n\n\n<div class=\"wp-block-columns is-layout-flex wp-container-core-columns-is-layout-9d6595d7 wp-block-columns-is-layout-flex\">\n<div class=\"wp-block-column is-layout-flow wp-block-column-is-layout-flow\" style=\"flex-basis:33.33%\"><div class=\"wp-block-image\">\n<figure class=\"alignleft\"><a href=\"https:\/\/www.floraclic.eu\/jardiniere-de-printemps-636\"><img loading=\"lazy\" decoding=\"async\" width=\"300\" height=\"300\" src=\"https:\/\/www.floraclic.eu\/fleursinfo\/wp-content\/uploads\/2014\/02\/JARDINIE\u0300RENARCISSES-300x300.jpg\" alt=\"fleurs f\u00eate des grands-m\u00e8res: jardini\u00e8re de narcisses et primev\u00e8res\" class=\"wp-image-216\" srcset=\"https:\/\/www.floraclic.eu\/fleursinfo\/wp-content\/uploads\/2014\/02\/JARDINIE\u0300RENARCISSES-300x300.jpg 300w, https:\/\/www.floraclic.eu\/fleursinfo\/wp-content\/uploads\/2014\/02\/JARDINIE\u0300RENARCISSES-150x150.jpg 150w, https:\/\/www.floraclic.eu\/fleursinfo\/wp-content\/uploads\/2014\/02\/JARDINIE\u0300RENARCISSES.jpg 450w\" sizes=\"auto, (max-width: 300px) 100vw, 300px\" \/><\/a><figcaption class=\"wp-element-caption\">Jardini\u00e8re de Printemps<\/figcaption><\/figure>\n<\/div><\/div>\n\n\n\n<div class=\"wp-block-column is-layout-flow wp-block-column-is-layout-flow\" style=\"flex-basis:66.66%\">\n<p>Deux tendances se d\u00e9gagent:<\/p>\n\n\n\n<h2 class=\"wp-block-heading\">Les fleurs F\u00eate des Grands-M\u00e8res et la tendance &#8220;ultra-champ\u00eatre&#8221;<\/h2>\n\n\n\n<p>Les compositions de plantes printani\u00e8res. Intemporelles et ayant l&#8217;\u00e9norme avantage de refleurir chaque ann\u00e9e, ces plantes espi\u00e8gles sont toujours les bienvenues. Leur fra\u00eecheur incomparable et leurs coloris vifs symbolisent le retour des premiers rayons de soleil. F\u00e9vrier et Mars nous mettent \u00e0 disposition un festival color\u00e9 de jeunes plantes de printemps qui nous offrent la primeur de leur floraison: jaunes narcisses, muscaris bleus, campanules bleues ou blanches, tulipes multicolores, pens\u00e9es et primev\u00e8res bariol\u00e9es, crocus lumineux\u2026<\/p>\n<\/div>\n<\/div>\n\n\n\n<p>&nbsp;<\/p>\n\n\n\n<h2 class=\"wp-block-heading\">Les fleurs F\u00eate des Grands-M\u00e8res et la tendance &#8220;n\u00e9o-moderne&#8221;<\/h2>\n\n\n\n<div class=\"wp-block-columns is-layout-flex wp-container-core-columns-is-layout-9d6595d7 wp-block-columns-is-layout-flex\">\n<div class=\"wp-block-column is-layout-flow wp-block-column-is-layout-flow\" style=\"flex-basis:66.66%\">\n<p>Elle consid\u00e8re que nos mamies comme volontairement jeunes et dynamiques et saturant par cons\u00e9quent quelque peu du clich\u00e9 pr\u00e9c\u00e9dent ! Elles pr\u00e9f\u00e8reraient donc un bouquet de fleurs coup\u00e9es r\u00e9solument &#8220;mode&#8221;, privil\u00e9giant le design du style floral et la puret\u00e9 des coloris. C&#8217;est l&#8217;apanage des bouquets aux couleurs pures, assez &#8220;soft&#8221;, jouant la carte du &#8220;chic&#8221;: bouquets travaill\u00e9s en jaunes et blancs, verts et blancs, oranges et blancs&#8230; Les fleurs de saisons trouveront l\u00e0-aussi leur place: roses, tulipes, narcisses, renoncules, an\u00e9mones, jacinthes, baies d&#8217;hyp\u00e9ricums, \u0153illets, germinis se m\u00ealent et s&#8217;assemblent pour d&#8217;\u00e9l\u00e9gantes ballades champ\u00eatres&#8230;<\/p>\n<\/div>\n\n\n\n<div class=\"wp-block-column is-layout-flow wp-block-column-is-layout-flow\" style=\"flex-basis:33.33%\"><div class=\"wp-block-image\">\n<figure class=\"aligncenter\"><a href=\"https:\/\/www.floraclic.eu\/bouquet-alegria-637\"><img loading=\"lazy\" decoding=\"async\" width=\"300\" height=\"300\" src=\"https:\/\/www.floraclic.eu\/fleursinfo\/wp-content\/uploads\/2014\/02\/ALEGRIA-300x300.jpg\" alt=\"fleurs f\u00eate des grands-m\u00e8res: bouquet de tulipes et de roses\" class=\"wp-image-217\" srcset=\"https:\/\/www.floraclic.eu\/fleursinfo\/wp-content\/uploads\/2014\/02\/ALEGRIA-300x300.jpg 300w, https:\/\/www.floraclic.eu\/fleursinfo\/wp-content\/uploads\/2014\/02\/ALEGRIA-150x150.jpg 150w, https:\/\/www.floraclic.eu\/fleursinfo\/wp-content\/uploads\/2014\/02\/ALEGRIA.jpg 450w\" sizes=\"auto, (max-width: 300px) 100vw, 300px\" \/><\/a><figcaption class=\"wp-element-caption\">Bouquet Alegria<\/figcaption><\/figure>\n<\/div><\/div>\n<\/div>\n\n\n\n<p>Que votre Mamie soit plut\u00f4t plantes ou bouquet, Floraclic vous propose <a href=\"https:\/\/www.floraclic.eu\/evenements-1\/fetes-specifiques-18\/fleurs-fete-des-grands-meres-37*\">une collection de cadeaux fleuris actuels et vari\u00e9s<\/a>.<\/p>\n\n\n\n<p>Jeu de couleurs, de textures, de parfums et d&#8217;essences, laissez-vous s\u00e9duire par nos mod\u00e8les originaux! Vous pouvez commander vos fleurs jusqu&#8217;au dimanche de la F\u00eate des Grands-M\u00e8res 10 H.&nbsp; Les livraisons de fleurs seront effectu\u00e9es le dimanche dans la journ\u00e9e, \u00e0 domicile, sur un lieu de travail ou \u00e0 toute autre adresse de votre choix.<\/p>\n\n\n\n<p>A propos des diff\u00e9rents types de bouquets, vous pouvez \u00e9galement consulter notre page :\u00a0 <a href=\"https:\/\/www.floraclic.eu\/fleursinfo\/bouquet-de-fleurs\/\" target=\"_blank\">bouquet de fleurs<\/a><\/p>\n\n\n\n<p>Par Val\u00e9rie Admart<\/p>\n\n\n\n<p>&nbsp;<\/p>\n\n\n\n<p>Articles et pages connexes :<\/p>\n\n\n\n<ul class=\"wp-block-list\">\n<li><a title=\"la f\u00eate des grands m\u00e8res\" href=\"https:\/\/www.floraclic.eu\/fleursinfo\/fetes-des-grand-meres\/la-fete-des-grand-meres-us-et-coutumes\/\" target=\"_blank\">La F\u00eate des Grand-M\u00e8res : us et coutumes<\/a><\/li>\n\n\n\n<li><a title=\"bouquet f\u00eate des grand-m\u00e8res\" href=\"https:\/\/www.floraclic.eu\/fleursinfo\/fetes-des-grand-meres\/bouquet-fete-des-grand-meres\/\" target=\"_blank\">Le bouquet F\u00eate des Grand-M\u00e8res<\/a><\/li>\n<\/ul>\n\n\n\n<p>&nbsp;<\/p>\n\n\n\n<p>&nbsp;<\/p>\n\n\n\n<p>&nbsp;<\/p>\n","protected":false},"excerpt":{"rendered":"<p>La F\u00eate des Grands-M\u00e8res est une f\u00eate calendaire bien ancr\u00e9e dans nos habitudes: chaque premier dimanche de mars, coutume est prise de c\u00e9l\u00e9brer nos ch\u00e8res mamies. F\u00eate &#8220;implant\u00e9e&#8221; par l&#8217;inventif fondateur de la marque de caf\u00e9 Grand&#8217;M\u00e8re, elle a perdu peu \u00e0 peu de son caract\u00e8re purement commercial pour gagner en popularit\u00e9. Sympathique et r\u00e9pondant [&hellip;]<\/p>\n","protected":false},"author":1,"featured_media":4387,"parent":0,"menu_order":0,"comment_status":"closed","ping_status":"closed","template":"","meta":{"footnotes":""},"class_list":["post-189","page","type-page","status-publish","has-post-thumbnail","hentry"],"_links":{"self":[{"href":"https:\/\/www.floraclic.eu\/fleursinfo\/wp-json\/wp\/v2\/pages\/189","targetHints":{"allow":["GET"]}}],"collection":[{"href":"https:\/\/www.floraclic.eu\/fleursinfo\/wp-json\/wp\/v2\/pages"}],"about":[{"href":"https:\/\/www.floraclic.eu\/fleursinfo\/wp-json\/wp\/v2\/types\/page"}],"author":[{"embeddable":true,"href":"https:\/\/www.floraclic.eu\/fleursinfo\/wp-json\/wp\/v2\/users\/1"}],"replies":[{"embeddable":true,"href":"https:\/\/www.floraclic.eu\/fleursinfo\/wp-json\/wp\/v2\/comments?post=189"}],"version-history":[{"count":47,"href":"https:\/\/www.floraclic.eu\/fleursinfo\/wp-json\/wp\/v2\/pages\/189\/revisions"}],"predecessor-version":[{"id":4499,"href":"https:\/\/www.floraclic.eu\/fleursinfo\/wp-json\/wp\/v2\/pages\/189\/revisions\/4499"}],"wp:featuredmedia":[{"embeddable":true,"href":"https:\/\/www.floraclic.eu\/fleursinfo\/wp-json\/wp\/v2\/media\/4387"}],"wp:attachment":[{"href":"https:\/\/www.floraclic.eu\/fleursinfo\/wp-json\/wp\/v2\/media?parent=189"}],"curies":[{"name":"wp","href":"https:\/\/api.w.org\/{rel}","templated":true}]}}