{"id":1682,"date":"2014-09-04T18:35:18","date_gmt":"2014-09-04T17:35:18","guid":{"rendered":"https:\/\/www.floraclic.eu\/fleursinfo\/?page_id=1682"},"modified":"2026-02-25T14:03:18","modified_gmt":"2026-02-25T13:03:18","slug":"fleurs-deuil-le-nouveau-style-funeraire","status":"publish","type":"page","link":"https:\/\/www.floraclic.eu\/fleursinfo\/fleurs-deuil-le-nouveau-style-funeraire\/","title":{"rendered":"Fleurs deuil : le nouveau style fun\u00e9raire"},"content":{"rendered":"\n<p>Les nouvelles techniques et styles floraux soufflent un vent de nouveaut\u00e9 sur l&#8217;art du fleurissement fun\u00e9raire&#8230; Le r\u00e9sultat : des pi\u00e8ces de deuil revues et corrig\u00e9es, totalement actualis\u00e9es, mettant en valeur un graphisme souvent fortement \u00e9pur\u00e9 et se basant sur un style la plupart du temps lin\u00e9aire.<\/p>\n\n\n\n<p>Les grandes lignes de ce nouveau style fun\u00e9raire :<\/p>\n\n\n\n<ul class=\"wp-block-list\">\n<li>l&#8217;emploi de contrastes entre les courbes et les lignes droites ;<\/li>\n\n\n\n<li>l&#8217;emploi de fleurs nobles (callas, orchid\u00e9es, roses, anthuriums&#8230;) et rares ou insolites (anigozanthus, molucelles&#8230;) ;<\/li>\n\n\n\n<li>l&#8217;emploi d&#8217;\u00e9l\u00e9ments de d\u00e9cors naturels rustiques (pommes de pins, chatons, lichens, branches tortueuses, racines&#8230;) pour un rapport fort \u00e0 la Nature.<\/li>\n<\/ul>\n\n\n\n<div class=\"wp-block-columns is-layout-flex wp-container-core-columns-is-layout-9d6595d7 wp-block-columns-is-layout-flex\">\n<div class=\"wp-block-column is-layout-flow wp-block-column-is-layout-flow\" style=\"flex-basis:66.66%\">\n<p>Les fleurs sont g\u00e9n\u00e9ralement travaill\u00e9es par masse, des jeux d&#8217;entrelacs v\u00e9g\u00e9taux&#8230;<\/p>\n\n\n\n<p>Fleurs et d\u00e9cors v\u00e9g\u00e9taux prennent ici une <strong>dimension symbolique<\/strong> de premi\u00e8re importance, dimension qu&#8217;ils n&#8217;avaient pas auparavant dans les pi\u00e8ces de deuil classiques.<\/p>\n\n\n\n<p>Chaque \u00e9l\u00e9ment de la composition florale trouve l\u00e0 son propre langage et va coder une \u00e9motion particuli\u00e8re&#8230;<\/p>\n<\/div>\n\n\n\n<div class=\"wp-block-column is-layout-flow wp-block-column-is-layout-flow\" style=\"flex-basis:33.33%\"><div class=\"wp-block-image\">\n<figure class=\"aligncenter\"><a href=\"https:\/\/www.floraclic.eu\/fleursinfo\/wp-content\/uploads\/2014\/08\/coeur-fleur-deuil-rose-anthurium-rouge.jpg\"><img loading=\"lazy\" decoding=\"async\" width=\"300\" height=\"350\" src=\"https:\/\/www.floraclic.eu\/fleursinfo\/wp-content\/uploads\/2014\/08\/coeur-fleur-deuil-rose-anthurium-rouge.jpg\" alt=\"coeur de deuil roses et anthuriums rouges\" class=\"wp-image-1701\" srcset=\"https:\/\/www.floraclic.eu\/fleursinfo\/wp-content\/uploads\/2014\/08\/coeur-fleur-deuil-rose-anthurium-rouge.jpg 300w, https:\/\/www.floraclic.eu\/fleursinfo\/wp-content\/uploads\/2014\/08\/coeur-fleur-deuil-rose-anthurium-rouge-257x300.jpg 257w, https:\/\/www.floraclic.eu\/fleursinfo\/wp-content\/uploads\/2014\/08\/coeur-fleur-deuil-rose-anthurium-rouge-128x150.jpg 128w\" sizes=\"auto, (max-width: 300px) 100vw, 300px\" \/><\/a><\/figure>\n<\/div><\/div>\n<\/div>\n\n\n\n<p>L&#8217;ensemble de la composition peut ainsi offrir une repr\u00e9sentation symbolique de la personnalit\u00e9 du ou de la d\u00e9funt(e) ;\u00a0 ou bien un court aper\u00e7u de sa vie ou encore mat\u00e9rialiser l&#8217;\u00e9motion ressentie par ses proches.<\/p>\n\n\n\n<h2 class=\"wp-block-heading\">Les gerbes<\/h2>\n\n\n\n<p>R\u00e9alis\u00e9es en cama\u00efeux ou au contraire dans un cocktail de couleurs d\u00e9tonantes, les gerbes appr\u00e9cient les feuillages l\u00e9gers et \u00e9l\u00e9gants comme le lierre, le bear grass&#8230; pour l&#8217;aspect longiligne et alerte qu&#8217;ils conf\u00e8rent \u00e0 l&#8217;ensemble.<\/p>\n\n\n\n<p><a href=\"https:\/\/www.floraclic.eu\/evenements-1\/deuil-30\/gerbes-et-bouquets-47\" target=\"_blank\" rel=\"noreferrer noopener\">Voir nos bouquets et gerbes<\/a><\/p>\n\n\n\n<h2 class=\"wp-block-heading\">Les coussins contemporains ronds et couronnes<\/h2>\n\n\n\n<p>Ils sont souvent anim\u00e9s par un mouvement de rotation qui rehausse leur valeur esth\u00e9tique et leur apporte du dynamisme. Une impression de mouvement positif: il s&#8217;agit d&#8217;accompagner le passage d&#8217;un monde \u00e0 l&#8217;autre sans vue n\u00e9gative. C&#8217;est l&#8217;apanage des fleurs \u00e0 tiges souples comme les arums, callas de couleurs, tulipes, ornithogales&#8230;<\/p>\n\n\n\n<div class=\"wp-block-columns is-layout-flex wp-container-core-columns-is-layout-9d6595d7 wp-block-columns-is-layout-flex\">\n<div class=\"wp-block-column is-layout-flow wp-block-column-is-layout-flow\"><div class=\"wp-block-image\">\n<figure class=\"aligncenter\"><a href=\"https:\/\/www.floraclic.eu\/fleurs-deuil--coussin-contemporain-orange-169\"><img loading=\"lazy\" decoding=\"async\" width=\"300\" height=\"350\" src=\"https:\/\/www.floraclic.eu\/fleursinfo\/wp-content\/uploads\/2014\/09\/coussin-deuil-rond-rose-fleur-calla-gerbera-santini-anigozanthus-hypericum-orange-vert.jpg\" alt=\"coussin de fleurs pour deuil\" class=\"wp-image-1723\" srcset=\"https:\/\/www.floraclic.eu\/fleursinfo\/wp-content\/uploads\/2014\/09\/coussin-deuil-rond-rose-fleur-calla-gerbera-santini-anigozanthus-hypericum-orange-vert.jpg 300w, https:\/\/www.floraclic.eu\/fleursinfo\/wp-content\/uploads\/2014\/09\/coussin-deuil-rond-rose-fleur-calla-gerbera-santini-anigozanthus-hypericum-orange-vert-257x300.jpg 257w, https:\/\/www.floraclic.eu\/fleursinfo\/wp-content\/uploads\/2014\/09\/coussin-deuil-rond-rose-fleur-calla-gerbera-santini-anigozanthus-hypericum-orange-vert-128x150.jpg 128w\" sizes=\"auto, (max-width: 300px) 100vw, 300px\" \/><\/a><figcaption class=\"wp-element-caption\">Coussin rond orang\u00e9 avec entrelacs de typha<\/figcaption><\/figure>\n<\/div><\/div>\n\n\n\n<div class=\"wp-block-column is-layout-flow wp-block-column-is-layout-flow\"><div class=\"wp-block-image\">\n<figure class=\"aligncenter\"><a href=\"https:\/\/www.floraclic.eu\/fleurs-deces--coussin-contemporain-blanc-173\"><img loading=\"lazy\" decoding=\"async\" width=\"300\" height=\"350\" src=\"https:\/\/www.floraclic.eu\/fleursinfo\/wp-content\/uploads\/2014\/09\/coussin-deuil-rond-rose-fleur-arum-bouvardia-hypericum-pomme-de-pin-blanc.jpg\" alt=\"coussin de deuil rond blanc\" class=\"wp-image-1733\" srcset=\"https:\/\/www.floraclic.eu\/fleursinfo\/wp-content\/uploads\/2014\/09\/coussin-deuil-rond-rose-fleur-arum-bouvardia-hypericum-pomme-de-pin-blanc.jpg 300w, https:\/\/www.floraclic.eu\/fleursinfo\/wp-content\/uploads\/2014\/09\/coussin-deuil-rond-rose-fleur-arum-bouvardia-hypericum-pomme-de-pin-blanc-257x300.jpg 257w, https:\/\/www.floraclic.eu\/fleursinfo\/wp-content\/uploads\/2014\/09\/coussin-deuil-rond-rose-fleur-arum-bouvardia-hypericum-pomme-de-pin-blanc-128x150.jpg 128w\" sizes=\"auto, (max-width: 300px) 100vw, 300px\" \/><\/a><figcaption class=\"wp-element-caption\">Coussin rond blanc avec entrelacs de bois d&#8217;arbre \u00e0 kiwi et d&#8217;arum blancs<\/figcaption><\/figure>\n<\/div><\/div>\n<\/div>\n\n\n\n<h2 class=\"wp-block-heading\">Les coussins carr\u00e9s ou rectangulaires <\/h2>\n\n\n\n<div class=\"wp-block-columns is-layout-flex wp-container-core-columns-is-layout-9d6595d7 wp-block-columns-is-layout-flex\">\n<div class=\"wp-block-column is-layout-flow wp-block-column-is-layout-flow\" style=\"flex-basis:33.33%\"><div class=\"wp-block-image\">\n<figure class=\"aligncenter size-full\"><a href=\"https:\/\/www.floraclic.eu\/fleursinfo\/wp-content\/uploads\/2025\/06\/image.png\"><img loading=\"lazy\" decoding=\"async\" width=\"500\" height=\"500\" src=\"https:\/\/www.floraclic.eu\/fleursinfo\/wp-content\/uploads\/2025\/06\/image.png\" alt=\"\" class=\"wp-image-3779\" srcset=\"https:\/\/www.floraclic.eu\/fleursinfo\/wp-content\/uploads\/2025\/06\/image.png 500w, https:\/\/www.floraclic.eu\/fleursinfo\/wp-content\/uploads\/2025\/06\/image-450x450.png 450w, https:\/\/www.floraclic.eu\/fleursinfo\/wp-content\/uploads\/2025\/06\/image-250x250.png 250w\" sizes=\"auto, (max-width: 500px) 100vw, 500px\" \/><\/a><figcaption class=\"wp-element-caption\">Coussin rectangulaire avec travail d&#8217;\u00e9corces, lichen sec, c\u0153urs de fleurs de lotus, osier brut sec<\/figcaption><\/figure>\n<\/div><\/div>\n\n\n\n<div class=\"wp-block-column is-layout-flow wp-block-column-is-layout-flow\" style=\"flex-basis:66.66%\">\n<p>Vraiment nouveaux par la forme, ils ressemblent souvent \u00e0 un &#8220;tableau v\u00e9g\u00e9tal&#8221;. Ils se remarquent :<\/p>\n\n\n\n<ul class=\"wp-block-list\">\n<li>soit par un travail d\u00e9coratif (fleurs travaill\u00e9es \u00e0 l&#8217;unit\u00e9) avec une belle association de couleurs ;<\/li>\n\n\n\n<li>soit par un travail par masses (fleurs travaill\u00e9es par petits groupes de fleurs identiques) tr\u00e8s naturaliste, jouant la juxtaposition contrastante de fleurs pr\u00e9cieuses et d&#8217;\u00e9l\u00e9ments bruts (\u00e9corces, lichens secs, branchages secs, fleurs de lotus s\u00e9ch\u00e9es&#8230;). Ce type de composition peut ressembler \u00e0 une all\u00e9gorie de la vie, mat\u00e9rialisant l&#8217;alternance de la rugosit\u00e9 et du faste&#8230;<\/li>\n<\/ul>\n<\/div>\n<\/div>\n\n\n\n<p><a href=\"https:\/\/www.floraclic.eu\/evenements-1\/deuil-30\/coussins-et-panieres-78\">Voir tous nos coussins de deuil<\/a><\/p>\n\n\n\n<h2 class=\"wp-block-heading\">Les c\u0153urs<\/h2>\n\n\n\n<div class=\"wp-block-columns is-layout-flex wp-container-core-columns-is-layout-9d6595d7 wp-block-columns-is-layout-flex\">\n<div class=\"wp-block-column is-layout-flow wp-block-column-is-layout-flow\" style=\"flex-basis:66.66%\">\n<p>Ils ont toujours une grande valeur po\u00e9tique et sentimentale. Ils sont r\u00e9serv\u00e9s \u00e0 la famille ou aux proches amis.<\/p>\n\n\n\n<p>Ils se travaillent de fa\u00e7on d\u00e9corative ou bien par masses. Leur forme initiale favorise encore plus l&#8217;usage de mouvements courbes. Les courbes descendantes comme les entrelacs de tiges souples de callas ou de verdure comme les boucles de typhas, tresses de bear grass &#8230;\u00a0 soulignent avec douceur les courbes du c\u0153ur. On peut y voir aussi une image m\u00e9taphorique du jaillissement et ruissellement des larmes&#8230;<\/p>\n<\/div>\n\n\n\n<div class=\"wp-block-column is-layout-flow wp-block-column-is-layout-flow\" style=\"flex-basis:33.33%\"><div class=\"wp-block-image\">\n<figure class=\"aligncenter\"><a href=\"https:\/\/www.floraclic.eu\/fleurs-deuil-coeur-rouge-vert-violet-712\"><img loading=\"lazy\" decoding=\"async\" width=\"300\" height=\"350\" src=\"https:\/\/www.floraclic.eu\/fleursinfo\/wp-content\/uploads\/2014\/09\/coeur-fleurs-deuil-calla-orchidee-vanda-dianthus-hydrangea-violet-rouge-vert.jpg\" alt=\"coeur de fleurs pour deuil\" class=\"wp-image-1721\" srcset=\"https:\/\/www.floraclic.eu\/fleursinfo\/wp-content\/uploads\/2014\/09\/coeur-fleurs-deuil-calla-orchidee-vanda-dianthus-hydrangea-violet-rouge-vert.jpg 300w, https:\/\/www.floraclic.eu\/fleursinfo\/wp-content\/uploads\/2014\/09\/coeur-fleurs-deuil-calla-orchidee-vanda-dianthus-hydrangea-violet-rouge-vert-257x300.jpg 257w, https:\/\/www.floraclic.eu\/fleursinfo\/wp-content\/uploads\/2014\/09\/coeur-fleurs-deuil-calla-orchidee-vanda-dianthus-hydrangea-violet-rouge-vert-128x150.jpg 128w\" sizes=\"auto, (max-width: 300px) 100vw, 300px\" \/><\/a><figcaption class=\"wp-element-caption\">Coeur fun\u00e9raire travaill\u00e9 par masses avec entrelacs de callas<\/figcaption><\/figure>\n<\/div><\/div>\n<\/div>\n\n\n\n<h2 class=\"wp-block-heading\">Les raquettes et dessus de cercueil<\/h2>\n\n\n\n<div class=\"wp-block-columns is-layout-flex wp-container-core-columns-is-layout-9d6595d7 wp-block-columns-is-layout-flex\">\n<div class=\"wp-block-column is-layout-flow wp-block-column-is-layout-flow\" style=\"flex-basis:66.66%\">\n<p>Les nouvelles pi\u00e8ces actualis\u00e9es privil\u00e9gient moins la masse de fleurs que la valeur esth\u00e9tique d&#8217;un travail d\u00e9licat et pr\u00e9cieux.<\/p>\n\n\n\n<p>Elles se basent le plus souvent sur un travail parall\u00e8le horizontal. Elles sont parfois accessoiris\u00e9es d&#8217; une structure d\u00e9corative (bois: saule, noisetier tortueux, kiwi,&nbsp;mitsumata&#8230;).<\/p>\n\n\n\n<p>Ce nouvel art floral fun\u00e9raire se veut figuratif, novateur, cr\u00e9atif et raffin\u00e9. Il est avant tout vecteur d&#8217;\u00e9motions&#8230;<\/p>\n\n\n\n<p><a href=\"https:\/\/www.floraclic.eu\/evenements-1\/deuil-30\/couronnes-et-raquettes-79\" target=\"_blank\" rel=\"noreferrer noopener\">Voir nos couronnes et raquettes<\/a><\/p>\n<\/div>\n\n\n\n<div class=\"wp-block-column is-layout-flow wp-block-column-is-layout-flow\" style=\"flex-basis:33.33%\"><div class=\"wp-block-image\">\n<figure class=\"aligncenter\"><a href=\"https:\/\/www.floraclic.eu\/fleurs-deces--raquette-blanc-vert-354\"><img loading=\"lazy\" decoding=\"async\" width=\"300\" height=\"350\" src=\"https:\/\/www.floraclic.eu\/fleursinfo\/wp-content\/uploads\/2014\/09\/raquette-fleur-deuil-rose-anthurium-orchidee-oeillet-vert-blanc.jpg\" alt=\"raquette de fleurs pour obs\u00e8ques\" class=\"wp-image-1724\" srcset=\"https:\/\/www.floraclic.eu\/fleursinfo\/wp-content\/uploads\/2014\/09\/raquette-fleur-deuil-rose-anthurium-orchidee-oeillet-vert-blanc.jpg 300w, https:\/\/www.floraclic.eu\/fleursinfo\/wp-content\/uploads\/2014\/09\/raquette-fleur-deuil-rose-anthurium-orchidee-oeillet-vert-blanc-257x300.jpg 257w, https:\/\/www.floraclic.eu\/fleursinfo\/wp-content\/uploads\/2014\/09\/raquette-fleur-deuil-rose-anthurium-orchidee-oeillet-vert-blanc-128x150.jpg 128w\" sizes=\"auto, (max-width: 300px) 100vw, 300px\" \/><\/a><figcaption class=\"wp-element-caption\">Raquette lin\u00e9aire blanc vert avec jeunes branches de saule \u00e0 chatons<\/figcaption><\/figure>\n<\/div><\/div>\n<\/div>\n\n\n\n<p>Pour vos livraisons de fleurs pour deuil et condol\u00e9ances, nous vous proposons <a href=\"https:\/\/www.floraclic.eu\/evenements-1\/deuil-30\">nos collections<\/a>.<\/p>\n\n\n\n<p>Si vous souhaitez compl\u00e9tez votre documentation sur le fleurissement fun\u00e9raire, vous pouvez consulter nos pages et articles :<\/p>\n\n\n\n<ul class=\"wp-block-list\">\n<li>en savoir plus sur la signification et la symbolique des <a href=\"https:\/\/www.floraclic.eu\/evenements-1\/deuil-30\" target=\"_blank\" rel=\"noreferrer noopener\">fleurs pour deuil<\/a><\/li>\n\n\n\n<li><a href=\"https:\/\/www.floraclic.eu\/fleursinfo\/fleurs-deces-bouquets-gerbes-coussins-et-couronnes\/\" target=\"_blank\" rel=\"noreferrer noopener\">fleurs pour d\u00e9c\u00e8s<\/a> (types de bouquets et compositions)<\/li>\n\n\n\n<li><a href=\"https:\/\/www.floraclic.eu\/fleursinfo\/fleurs-enterrements\/\" target=\"_blank\" rel=\"noreferrer noopener\">fleurs enterrements<\/a> (lieux de livraison, types de fun\u00e9railles, th\u00e9matique des couleurs)<\/li>\n\n\n\n<li><a href=\"https:\/\/www.floraclic.eu\/fleursinfo\/fleurs-deuil-deces-le-fleurissement-d-obseques-en-ete\/\" target=\"_blank\" rel=\"noreferrer noopener\">fleurissement d&#8217;obs\u00e8ques en \u00e9t\u00e9<\/a> (type de compositions, de fleurs et de plantes \u00e0 privil\u00e9gier)<\/li>\n\n\n\n<li><a href=\"https:\/\/www.floraclic.eu\/fleursinfo\/fleurs-deuil-deces-condoleances\/fleurs-obseques-les-plantes-de-printemps\/\" target=\"_blank\" rel=\"noreferrer noopener\">fleurs obs\u00e8ques: les plantes de printemps<\/a><\/li>\n<\/ul>\n","protected":false},"excerpt":{"rendered":"<p>Les nouvelles techniques et styles floraux soufflent un vent de nouveaut\u00e9 sur l&#8217;art du fleurissement fun\u00e9raire&#8230; Le r\u00e9sultat : des pi\u00e8ces de deuil revues et corrig\u00e9es, totalement actualis\u00e9es, mettant en valeur un graphisme souvent fortement \u00e9pur\u00e9 et se basant sur un style la plupart du temps lin\u00e9aire. Les grandes lignes de ce nouveau style fun\u00e9raire [&hellip;]<\/p>\n","protected":false},"author":1,"featured_media":4298,"parent":0,"menu_order":0,"comment_status":"closed","ping_status":"open","template":"","meta":{"footnotes":""},"class_list":["post-1682","page","type-page","status-publish","has-post-thumbnail","hentry"],"_links":{"self":[{"href":"https:\/\/www.floraclic.eu\/fleursinfo\/wp-json\/wp\/v2\/pages\/1682","targetHints":{"allow":["GET"]}}],"collection":[{"href":"https:\/\/www.floraclic.eu\/fleursinfo\/wp-json\/wp\/v2\/pages"}],"about":[{"href":"https:\/\/www.floraclic.eu\/fleursinfo\/wp-json\/wp\/v2\/types\/page"}],"author":[{"embeddable":true,"href":"https:\/\/www.floraclic.eu\/fleursinfo\/wp-json\/wp\/v2\/users\/1"}],"replies":[{"embeddable":true,"href":"https:\/\/www.floraclic.eu\/fleursinfo\/wp-json\/wp\/v2\/comments?post=1682"}],"version-history":[{"count":41,"href":"https:\/\/www.floraclic.eu\/fleursinfo\/wp-json\/wp\/v2\/pages\/1682\/revisions"}],"predecessor-version":[{"id":3780,"href":"https:\/\/www.floraclic.eu\/fleursinfo\/wp-json\/wp\/v2\/pages\/1682\/revisions\/3780"}],"wp:featuredmedia":[{"embeddable":true,"href":"https:\/\/www.floraclic.eu\/fleursinfo\/wp-json\/wp\/v2\/media\/4298"}],"wp:attachment":[{"href":"https:\/\/www.floraclic.eu\/fleursinfo\/wp-json\/wp\/v2\/media?parent=1682"}],"curies":[{"name":"wp","href":"https:\/\/api.w.org\/{rel}","templated":true}]}}