{"id":166,"date":"2012-03-05T19:26:36","date_gmt":"2012-03-05T18:26:36","guid":{"rendered":"http:\/\/www.floraclic.fr\/fleursinfo\/?p=166"},"modified":"2026-03-15T10:40:56","modified_gmt":"2026-03-15T09:40:56","slug":"les-fleurs-de-printemps","status":"publish","type":"page","link":"https:\/\/www.floraclic.eu\/fleursinfo\/les-fleurs-de-printemps\/","title":{"rendered":"Les fleurs de printemps"},"content":{"rendered":"\n<p>La gamme des tendres fleurs et plantes annonciatrices du printemps est vaste: an\u00e9mones, primev\u00e8res, crocus, iris, jacinthes, jonquilles, lilas, mimosa, muguet, myosotis, narcisses, pens\u00e9es, perce-neige, tulipes, violettes, branches d&#8217;arbres fruitiers, chatons de noisetier..<br \/>Autant de fleurs, autant de bouquets \u00e0 r\u00e9aliser, autant de bonheurs \u00e0 partager&#8230;<\/p>\n\n\n\n<div class=\"wp-block-columns is-layout-flex wp-container-core-columns-is-layout-9d6595d7 wp-block-columns-is-layout-flex\">\n<div class=\"wp-block-column is-layout-flow wp-block-column-is-layout-flow\" style=\"flex-basis:33.33%\"><div class=\"wp-block-image\">\n<figure class=\"aligncenter\"><a href=\"https:\/\/www.floraclic.eu\/bouquet-solstice-544\"><img loading=\"lazy\" decoding=\"async\" width=\"300\" height=\"300\" src=\"https:\/\/www.floraclic.eu\/fleursinfo\/wp-content\/uploads\/2014\/02\/SOLSTICE-300x300.png\" alt=\"bouquet de tulipes, an\u00e9mones et roses\" class=\"wp-image-168\" srcset=\"https:\/\/www.floraclic.eu\/fleursinfo\/wp-content\/uploads\/2014\/02\/SOLSTICE-300x300.png 300w, https:\/\/www.floraclic.eu\/fleursinfo\/wp-content\/uploads\/2014\/02\/SOLSTICE-150x150.png 150w, https:\/\/www.floraclic.eu\/fleursinfo\/wp-content\/uploads\/2014\/02\/SOLSTICE.png 600w\" sizes=\"auto, (max-width: 300px) 100vw, 300px\" \/><\/a><figcaption class=\"wp-element-caption\">Bouquet Solstice<\/figcaption><\/figure>\n<\/div><\/div>\n\n\n\n<div class=\"wp-block-column is-layout-flow wp-block-column-is-layout-flow\" style=\"flex-basis:66.66%\">\n<p><strong>Les an\u00e9mones<\/strong> des fleuristes sont des an\u00e9mones dites couronn\u00e9es, celles des bois sont des an\u00e9mones Sylvie.<br \/>Ce sont toutes des fleurs aux coloris tr\u00e8s vifs. Ces fleurs ont une impertinence, une vivacit\u00e9 que l&#8217;on appr\u00e9cie \u00e9norm\u00e9ment au d\u00e9but du printemps.<\/p>\n\n\n\n<p><strong>Les tulipes<\/strong> sont les reines incontestables du printemps au jardin comme chez les fleuristes qui proposent d\u00e9j\u00e0 en hiver de superbes vari\u00e9t\u00e9s. La tulipe se conserve au frais et dans tr\u00e8s peu d\u2019eau. Cette fleur peut se travailler selon vos envies (il suffit de les tiger et elles prendront les inclinaisons de votre choix).<\/p>\n<\/div>\n<\/div>\n\n\n\n<p><strong>Les jonquilles<\/strong> sont un vrai bonheur de printemps, leur cueillette un but de promenade avec les enfants. Petites fleurs timides dans les prairies ou les sous-bois, elles prennent de l&#8217;arrogance lorsqu&#8217;elles sont cultiv\u00e9es en serre pour les fleuristes. Ces fleurs mettent du soleil dans une pi\u00e8ce, elles aussi semblent avoir du tonus \u00e0 revendre, elles sont b\u00e9n\u00e9fiques au sortir de l&#8217;hiver.<\/p>\n\n\n\n<p><strong>Les narcisses<\/strong>, aux vari\u00e9t\u00e9s plus \u201csophistiqu\u00e9es\u201d que les jonquilles et \u00e0 la meilleure tenue en vase, ne sont presque plus \u00e0 pr\u00e9senter. Fleurs symboles de la r\u00e9miniscence des souvenirs d\u2019 enfance, elles sont devenues les fleurs \u201cstar\u201d de la F\u00eate des Grands-M\u00e8res (premier dimanche de Mars) et les reines des bouquets de printemps gr\u00e2ce \u00e0 leur coloris ensoleill\u00e9.<\/p>\n\n\n\n<p><strong>Les iris<\/strong> appartiennent \u00e0 une grande famille qui regroupe les crocus, les jonquilles et une immense vari\u00e9t\u00e9 d&#8217;iris. Leurs grandes fleurs au\u00a0 subtil parfum sont souvent utilis\u00e9es en parfumerie.<br \/>Ces fleurs peuvent avoir des coloris inou\u00efs : du jaune tr\u00e8s p\u00e2le au brun tr\u00e8s doux ou \u00e0 l\u2019orange clair, sans oublier bien s\u00fbr tous les tons de violet et de mauve.<br \/>Mariez-les \u00e0 des tulipes pour r\u00e9aliser des bouquets de fleurs printaniers \u00e0 la fra\u00eecheur et aux couleurs incomparables.<\/p>\n\n\n\n<div class=\"wp-block-columns is-layout-flex wp-container-core-columns-is-layout-9d6595d7 wp-block-columns-is-layout-flex\">\n<div class=\"wp-block-column is-layout-flow wp-block-column-is-layout-flow\" style=\"flex-basis:66.66%\">\n<p><strong>Les jacinthes<\/strong> vous enchanteront de leur subtil parfum. Si elles ont \u00e9t\u00e9 forc\u00e9es pendant l&#8217;hiver, elles dureront plus longtemps. Leur hampe donne naissance \u00e0 de petites \u00e9toiles qui forment les fleurs et leur coloris pastel ajoute \u00e0 leur gracilit\u00e9.<\/p>\n\n\n\n<p><strong>Le muguet<\/strong> odorant avec ses petites grappes de clochettes est la fleur f\u00e9tiche par excellence.<br \/> Vrai talisman pour certains, simple fleur pour d&#8217;autres, le muguet ne laisse personne indiff\u00e9rent. C\u2019est la fleur porte-bonheur, symbole du 1er Mai.<\/p>\n<\/div>\n\n\n\n<div class=\"wp-block-column is-layout-flow wp-block-column-is-layout-flow\" style=\"flex-basis:33.33%\"><div class=\"wp-block-image\">\n<figure class=\"aligncenter\"><a href=\"https:\/\/www.floraclic.eu\/bouquet-myrtille-228\"><img loading=\"lazy\" decoding=\"async\" width=\"300\" height=\"300\" src=\"https:\/\/www.floraclic.eu\/fleursinfo\/wp-content\/uploads\/2014\/02\/MYRTILLE-300x300.png\" alt=\"bouquet de renoncules, an\u00e9mones et tulipes\" class=\"wp-image-169\" srcset=\"https:\/\/www.floraclic.eu\/fleursinfo\/wp-content\/uploads\/2014\/02\/MYRTILLE-300x300.png 300w, https:\/\/www.floraclic.eu\/fleursinfo\/wp-content\/uploads\/2014\/02\/MYRTILLE-150x150.png 150w, https:\/\/www.floraclic.eu\/fleursinfo\/wp-content\/uploads\/2014\/02\/MYRTILLE.png 600w\" sizes=\"auto, (max-width: 300px) 100vw, 300px\" \/><\/a><figcaption class=\"wp-element-caption\">Bouquet Myrtille<\/figcaption><\/figure>\n<\/div><\/div>\n<\/div>\n\n\n\n<p><strong>Les crocus<\/strong> jaunes ou violets poss\u00e8dent une gr\u00e2ce surann\u00e9e, ce sont plus des fleurs de jardin de grand-m\u00e8re que de fleuristes. Quelques esp\u00e8ces de serre sont elles aussi ravissantes.<\/p>\n\n\n\n<p><strong>Le lilas<\/strong>, la merveille du printemps. Branche souples, parfum d\u00e9licieux, jolies feuilles, fleurs aux hampes gracieuses, le lilas m\u00e9rite qu&#8217;on le conserve longtemps. Pour cela il faut \u00e9craser les tiges afin que l&#8217;eau se distille r\u00e9guli\u00e8rement et que les fleurs durent ainsi plus longtemps.<\/p>\n\n\n\n<p><strong>Le myosotis <\/strong>et <strong>les muscaris<\/strong>, aux magnifiques teintes bleus-violets\u00a0 sont toujours ravissants en compositions florales de printemps. Ils apporte une note de fra\u00eeche discr\u00e9tion et de gr\u00e2ce.<\/p>\n\n\n\n<p><strong>Les pens\u00e9es <\/strong>et <strong>les primev\u00e8res<\/strong> sont les premi\u00e8res plantes \u00e0 illuminer nos jardins de mille couleurs vives. De plus, leurs fleurs nous enchantent jusqu\u2019\u00e0 l\u2019arriv\u00e9e des chaleurs.<\/p>\n\n\n\n<p><strong>Les perces-neiges<\/strong> \u201c\u00e9clatent\u201d avec une autorit\u00e9 et une prestance que nulle autre fleur ne songerait \u00e0 leur d\u00e9rober. On les ramasse lors de premi\u00e8res promenades en for\u00eat alors que tout est encore mort aux alentour.<\/p>\n\n\n\n<p><strong>Les violettes<\/strong> sont des fleurettes d\u00e9licieuses. Ces plantes sont un pr\u00e9sage de la belle saison. Vivaces, leurs tendres fleurs vous raviront chaque printemps.<\/p>\n\n\n\n<p><strong>Les branches d&#8217;arbres fruitiers<\/strong> sont ravissantes mais il faut \u00eatre soigneux pour les couper (toujours au s\u00e9cateur). Elles ajouteront du \u201cstyle\u201d \u00e0 vos bouquets de printemps.<\/p>\n\n\n\n<p><strong>Les chatons de noisetier ou de saule<\/strong> sont doux et discrets. Ils animeront de leur symbolisme et de leur gr\u00e2ce \u00e9pur\u00e9e vos compositions florales de printemps, avec originalit\u00e9.<\/p>\n\n\n\n<p>&nbsp;<\/p>\n\n\n\n<p>Par Val\u00e9rie Admart<\/p>\n","protected":false},"excerpt":{"rendered":"<p>Petit tour d&#8217;horizon des grands succ\u00e8s floraux du printemps. Fleurs \u00e0 bouquets et plantes \u00e0 bulbe de printemps s&#8217;offrent \u00e0 notre inspiration. Tulipes, narcisses, iris, an\u00e9mones, jacinthes, muguet, lilas et autres pens\u00e9es, primev\u00e8res, muscaris rayonnent de soleil printanier et d&#8217;id\u00e9es pour nos bouquets.<\/p>\n","protected":false},"author":1,"featured_media":4105,"parent":0,"menu_order":0,"comment_status":"closed","ping_status":"open","template":"","meta":{"footnotes":""},"class_list":["post-166","page","type-page","status-publish","has-post-thumbnail","hentry"],"_links":{"self":[{"href":"https:\/\/www.floraclic.eu\/fleursinfo\/wp-json\/wp\/v2\/pages\/166","targetHints":{"allow":["GET"]}}],"collection":[{"href":"https:\/\/www.floraclic.eu\/fleursinfo\/wp-json\/wp\/v2\/pages"}],"about":[{"href":"https:\/\/www.floraclic.eu\/fleursinfo\/wp-json\/wp\/v2\/types\/page"}],"author":[{"embeddable":true,"href":"https:\/\/www.floraclic.eu\/fleursinfo\/wp-json\/wp\/v2\/users\/1"}],"replies":[{"embeddable":true,"href":"https:\/\/www.floraclic.eu\/fleursinfo\/wp-json\/wp\/v2\/comments?post=166"}],"version-history":[{"count":13,"href":"https:\/\/www.floraclic.eu\/fleursinfo\/wp-json\/wp\/v2\/pages\/166\/revisions"}],"predecessor-version":[{"id":4690,"href":"https:\/\/www.floraclic.eu\/fleursinfo\/wp-json\/wp\/v2\/pages\/166\/revisions\/4690"}],"wp:featuredmedia":[{"embeddable":true,"href":"https:\/\/www.floraclic.eu\/fleursinfo\/wp-json\/wp\/v2\/media\/4105"}],"wp:attachment":[{"href":"https:\/\/www.floraclic.eu\/fleursinfo\/wp-json\/wp\/v2\/media?parent=166"}],"curies":[{"name":"wp","href":"https:\/\/api.w.org\/{rel}","templated":true}]}}