{"id":1194,"date":"2014-07-02T16:59:12","date_gmt":"2014-07-02T15:59:12","guid":{"rendered":"https:\/\/www.floraclic.eu\/fleursinfo\/?page_id=1194"},"modified":"2026-02-24T17:48:28","modified_gmt":"2026-02-24T16:48:28","slug":"fleurs-anniversaire-les-bouquets-d-ete","status":"publish","type":"page","link":"https:\/\/www.floraclic.eu\/fleursinfo\/fleurs-anniversaire-les-bouquets-d-ete\/","title":{"rendered":"Fleurs anniversaire : les bouquets d&#8217;\u00e9t\u00e9"},"content":{"rendered":"\n<div class=\"wp-block-columns is-layout-flex wp-container-core-columns-is-layout-9d6595d7 wp-block-columns-is-layout-flex\">\n<div class=\"wp-block-column is-layout-flow wp-block-column-is-layout-flow\" style=\"flex-basis:66.66%\">\n<p>Par leurs couleurs vives et leur gaiet\u00e9 intrins\u00e8que, les fleurs sont devenues, presqu&#8217;au m\u00eame titre que le g\u00e2teau, un cadeau indispensable pour une f\u00eate d&#8217;anniversaire r\u00e9ussie. Elles habillent avec \u00e9l\u00e9gance de leur esprit festif et de leur lumi\u00e8re pr\u00e9cieuse et fugace les tables estivales. Fort de sa valeur \u00e9motionnelle, le traditionnel bouquet de fleurs va se parer de ses plus beaux atours pour se d\u00e9cliner en une gamme \u00e9tonnante et diversifi\u00e9e.<\/p>\n\n\n\n<p>Cette exub\u00e9rante profusion se caract\u00e9rise tout d&#8217;abord par l&#8217;impressionnante panoplie de fleurs estivales, ensuite par la palette de coloris dans lesquelles celles-ci se d\u00e9clinent et enfin par les styles floraux et les techniques appliqu\u00e9s.<\/p>\n<\/div>\n\n\n\n<div class=\"wp-block-column is-layout-flow wp-block-column-is-layout-flow\" style=\"flex-basis:33.33%\"><div class=\"wp-block-image\">\n<figure class=\"aligncenter\"><a href=\"https:\/\/www.floraclic.eu\/fleursinfo\/wp-content\/uploads\/2014\/07\/bouquet-rond-rose-eustoma-fleur-hortensia-alstromeria-bouvardia-matricaire-gerbera-rose-rouge-blanc_elyse.png\"><img loading=\"lazy\" decoding=\"async\" width=\"300\" height=\"300\" src=\"https:\/\/www.floraclic.eu\/fleursinfo\/wp-content\/uploads\/2014\/07\/bouquet-rond-rose-eustoma-fleur-hortensia-alstromeria-bouvardia-matricaire-gerbera-rose-rouge-blanc_elyse-300x300.png\" alt=\"bouquet anniversaire rose et blanc\" class=\"wp-image-1226\" srcset=\"https:\/\/www.floraclic.eu\/fleursinfo\/wp-content\/uploads\/2014\/07\/bouquet-rond-rose-eustoma-fleur-hortensia-alstromeria-bouvardia-matricaire-gerbera-rose-rouge-blanc_elyse-300x300.png 300w, https:\/\/www.floraclic.eu\/fleursinfo\/wp-content\/uploads\/2014\/07\/bouquet-rond-rose-eustoma-fleur-hortensia-alstromeria-bouvardia-matricaire-gerbera-rose-rouge-blanc_elyse-150x150.png 150w, https:\/\/www.floraclic.eu\/fleursinfo\/wp-content\/uploads\/2014\/07\/bouquet-rond-rose-eustoma-fleur-hortensia-alstromeria-bouvardia-matricaire-gerbera-rose-rouge-blanc_elyse.png 600w\" sizes=\"auto, (max-width: 300px) 100vw, 300px\" \/><\/a><figcaption class=\"wp-element-caption\">Bouquet Elyse<\/figcaption><\/figure>\n<\/div><\/div>\n<\/div>\n\n\n\n<div class=\"wp-block-columns is-layout-flex wp-container-core-columns-is-layout-9d6595d7 wp-block-columns-is-layout-flex\">\n<div class=\"wp-block-column is-layout-flow wp-block-column-is-layout-flow\" style=\"flex-basis:40%\"><div class=\"wp-block-image\">\n<figure class=\"alignleft\"><a href=\"https:\/\/www.floraclic.eu\/fleursinfo\/wp-content\/uploads\/2014\/07\/inflorescences-simples.gif\"><img loading=\"lazy\" decoding=\"async\" width=\"300\" height=\"94\" src=\"https:\/\/www.floraclic.eu\/fleursinfo\/wp-content\/uploads\/2014\/07\/inflorescences-simples-300x94.gif\" alt=\"inflorescences\" class=\"wp-image-1214\" srcset=\"https:\/\/www.floraclic.eu\/fleursinfo\/wp-content\/uploads\/2014\/07\/inflorescences-simples-300x94.gif 300w, https:\/\/www.floraclic.eu\/fleursinfo\/wp-content\/uploads\/2014\/07\/inflorescences-simples-150x47.gif 150w\" sizes=\"auto, (max-width: 300px) 100vw, 300px\" \/><\/a><figcaption class=\"wp-element-caption\">Types d&#8217;inflorescences<\/figcaption><\/figure>\n<\/div><\/div>\n\n\n\n<div class=\"wp-block-column is-layout-flow wp-block-column-is-layout-flow\" style=\"flex-basis:60%\">\n<h2 class=\"wp-block-heading\">Les types de fleurs<\/h2>\n\n\n\n<p>L&#8217;\u00e9t\u00e9 est la saison reine pour le travail des fleurs coup\u00e9es : profusion de vari\u00e9t\u00e9s, de couleurs, de textures, de parfums offrent une source d&#8217;inspiration in\u00e9puisable et permettent une cr\u00e9ativit\u00e9 unique dans l&#8217;ann\u00e9e.<\/p>\n<\/div>\n<\/div>\n\n\n\n<div class=\"wp-block-columns is-layout-flex wp-container-core-columns-is-layout-9d6595d7 wp-block-columns-is-layout-flex\">\n<div class=\"wp-block-column is-layout-flow wp-block-column-is-layout-flow\" style=\"flex-basis:33.33%\"><div class=\"wp-block-image\">\n<figure class=\"aligncenter\"><a href=\"https:\/\/www.floraclic.eu\/fleursinfo\/wp-content\/uploads\/2014\/07\/kniphofia-tritoma.jpg\"><img loading=\"lazy\" decoding=\"async\" width=\"300\" height=\"300\" src=\"https:\/\/www.floraclic.eu\/fleursinfo\/wp-content\/uploads\/2014\/07\/kniphofia-tritoma.jpg\" alt=\"fleur en \u00e9pi: kniphofia\" class=\"wp-image-1231\" srcset=\"https:\/\/www.floraclic.eu\/fleursinfo\/wp-content\/uploads\/2014\/07\/kniphofia-tritoma.jpg 300w, https:\/\/www.floraclic.eu\/fleursinfo\/wp-content\/uploads\/2014\/07\/kniphofia-tritoma-150x150.jpg 150w\" sizes=\"auto, (max-width: 300px) 100vw, 300px\" \/><\/a><figcaption class=\"wp-element-caption\">Une fleur en \u00e9pi insolite: le kniphofia<\/figcaption><\/figure>\n<\/div><\/div>\n\n\n\n<div class=\"wp-block-column is-layout-flow wp-block-column-is-layout-flow\" style=\"flex-basis:66.66%\">\n<p><strong><em>Fleurs en \u00e9pis ou en grapppes<\/em><\/strong> : les gla\u00efeuls, les mufliers,\u00a0les eremurus, les kniphofias, les delphiniums, les digitales, les crocosmias orang\u00e9 vif,\u00a0 les ornithogales et leurs inflorescences pyramidales \u00e9toil\u00e9es (blancs ou\u00a0 orange vif), les astilbes et leurs panicules vaporeuses (blanches, roses, rouges, parme, pourpre)&#8230;<\/p>\n\n\n\n<p><strong><em>Fleurs en corymbes<\/em><\/strong> : les achill\u00e9es (jaunes), les ascl\u00e9pias (orang\u00e9es)&#8230;<\/p>\n<\/div>\n<\/div>\n\n\n\n<div class=\"wp-block-columns is-layout-flex wp-container-core-columns-is-layout-9d6595d7 wp-block-columns-is-layout-flex\">\n<div class=\"wp-block-column is-layout-flow wp-block-column-is-layout-flow\" style=\"flex-basis:66.66%\">\n<p><em><strong>Fleurs boules<\/strong><\/em> : les dahlias, les zinnias, les hortensias, les alium (violets ou blancs), les chardons bleus (echinops)&#8230;<\/p>\n\n\n\n<p><em><strong>Fleurs circulaires<\/strong><\/em> <strong><em>(en capitules)<\/em> <\/strong>: les tournesols, les rudbeckies (jaune vif \u00e0 c\u0153ur noir), les scabieuses (mauves ou blanches)&#8230;<\/p>\n\n\n\n<p><em><strong>Fleurs en forme d&#8217;\u00e9toiles<\/strong><\/em> : les lisianthus et les campanules&#8230;<\/p>\n<\/div>\n\n\n\n<div class=\"wp-block-column is-layout-flow wp-block-column-is-layout-flow\" style=\"flex-basis:33.33%\"><div class=\"wp-block-image\">\n<figure class=\"aligncenter\"><a href=\"https:\/\/www.floraclic.eu\/fleursinfo\/wp-content\/uploads\/2014\/07\/ornithogalum-arabicum.jpg\"><img loading=\"lazy\" decoding=\"async\" width=\"234\" height=\"300\" src=\"https:\/\/www.floraclic.eu\/fleursinfo\/wp-content\/uploads\/2014\/07\/ornithogalum-arabicum-234x300.jpg\" alt=\"ornithogalum arabicum\" class=\"wp-image-1229\" srcset=\"https:\/\/www.floraclic.eu\/fleursinfo\/wp-content\/uploads\/2014\/07\/ornithogalum-arabicum-234x300.jpg 234w, https:\/\/www.floraclic.eu\/fleursinfo\/wp-content\/uploads\/2014\/07\/ornithogalum-arabicum-117x150.jpg 117w, https:\/\/www.floraclic.eu\/fleursinfo\/wp-content\/uploads\/2014\/07\/ornithogalum-arabicum.jpg 312w\" sizes=\"auto, (max-width: 234px) 100vw, 234px\" \/><\/a><figcaption class=\"wp-element-caption\">Ornithogales blancs<\/figcaption><\/figure>\n<\/div><\/div>\n<\/div>\n\n\n\n<div class=\"wp-block-columns is-layout-flex wp-container-core-columns-is-layout-9d6595d7 wp-block-columns-is-layout-flex\">\n<div class=\"wp-block-column is-layout-flow wp-block-column-is-layout-flow\" style=\"flex-basis:33.33%\"><div class=\"wp-block-image\">\n<figure class=\"aligncenter\"><a href=\"https:\/\/www.floraclic.eu\/fleursinfo\/wp-content\/uploads\/2014\/07\/asclepias.jpg\"><img loading=\"lazy\" decoding=\"async\" width=\"300\" height=\"259\" src=\"https:\/\/www.floraclic.eu\/fleursinfo\/wp-content\/uploads\/2014\/07\/asclepias-300x259.jpg\" alt=\"fleurs d'ascl\u00e9pias\" class=\"wp-image-1230\" srcset=\"https:\/\/www.floraclic.eu\/fleursinfo\/wp-content\/uploads\/2014\/07\/asclepias-300x259.jpg 300w, https:\/\/www.floraclic.eu\/fleursinfo\/wp-content\/uploads\/2014\/07\/asclepias-1024x886.jpg 1024w, https:\/\/www.floraclic.eu\/fleursinfo\/wp-content\/uploads\/2014\/07\/asclepias-150x129.jpg 150w\" sizes=\"auto, (max-width: 300px) 100vw, 300px\" \/><\/a><figcaption class=\"wp-element-caption\">Asclepias<\/figcaption><\/figure>\n<\/div><\/div>\n\n\n\n<div class=\"wp-block-column is-layout-flow wp-block-column-is-layout-flow\" style=\"flex-basis:66.66%\">\n<p><em><strong>Fleurs en ombelles<\/strong><\/em> : les ag\u00e9ratums (pompons pelucheux \u00e0 la couleur parme tendre et \u00e0 l&#8217;odeur de savonnette d&#8217;antan), les magnifiques agapanthes (bleues, parme ou blanches), les ammi visnaga, les euphorbes et leurs hampes ondulantes \u00e0 l&#8217;inspiration tropicale (jaune,rouge ou orang\u00e9 vifs)&#8230;<\/p>\n\n\n\n<p><em><strong>Gramin\u00e9es<\/strong><\/em> : le panicum, le pennisetum, les s\u00e9taires&#8230; et leurs aspects d&#8217;herbes folles pour l&#8217; esprit &#8220;sauvageon&#8221;.<\/p>\n<\/div>\n<\/div>\n\n\n\n<h3 class=\"wp-block-heading\">Les couleurs d&#8217;\u00e9t\u00e9<\/h3>\n\n\n\n<p>Deux grandes tendances pour les bouquets et compositions florales d&#8217;\u00e9t\u00e9 :<\/p>\n\n\n\n<p><em><strong>Le bouquet &#8220;solaire&#8221;<\/strong><\/em> ou l&#8217;art du mim\u00e9tisme.\u00a0 Un bouquet qui se met au diapason des couleurs et temp\u00e9ratures ext\u00e9rieures, il d\u00e9clinera le rouge, l&#8217;orang\u00e9, le jaune pour un effet tr\u00e8s &#8220;caliente&#8221;.<\/p>\n\n\n\n<div class=\"wp-block-columns is-layout-flex wp-container-core-columns-is-layout-9d6595d7 wp-block-columns-is-layout-flex\">\n<div class=\"wp-block-column is-layout-flow wp-block-column-is-layout-flow\" style=\"flex-basis:33.33%\"><div class=\"wp-block-image\">\n<figure class=\"aligncenter\"><a href=\"https:\/\/www.floraclic.eu\/fleursinfo\/wp-content\/uploads\/2014\/07\/bouquet-rond-orchidee-fleur-lisianthus-bouvardia-shamrock-\u0153illet-vert-blanc_evanescence.png\"><img loading=\"lazy\" decoding=\"async\" width=\"300\" height=\"300\" src=\"https:\/\/www.floraclic.eu\/fleursinfo\/wp-content\/uploads\/2014\/07\/bouquet-rond-orchidee-fleur-lisianthus-bouvardia-shamrock-\u0153illet-vert-blanc_evanescence-300x300.png\" alt=\"bouquet rond pour anniversaire vert et blanc\" class=\"wp-image-1228\" srcset=\"https:\/\/www.floraclic.eu\/fleursinfo\/wp-content\/uploads\/2014\/07\/bouquet-rond-orchidee-fleur-lisianthus-bouvardia-shamrock-\u0153illet-vert-blanc_evanescence-300x300.png 300w, https:\/\/www.floraclic.eu\/fleursinfo\/wp-content\/uploads\/2014\/07\/bouquet-rond-orchidee-fleur-lisianthus-bouvardia-shamrock-\u0153illet-vert-blanc_evanescence-150x150.png 150w, https:\/\/www.floraclic.eu\/fleursinfo\/wp-content\/uploads\/2014\/07\/bouquet-rond-orchidee-fleur-lisianthus-bouvardia-shamrock-\u0153illet-vert-blanc_evanescence.png 600w\" sizes=\"auto, (max-width: 300px) 100vw, 300px\" \/><\/a><figcaption class=\"wp-element-caption\">Bouquet Evanescence<\/figcaption><\/figure>\n<\/div><\/div>\n\n\n\n<div class=\"wp-block-column is-layout-flow wp-block-column-is-layout-flow\" style=\"flex-basis:66.66%\">\n<p><strong><em>Le bouquet &#8220;frisson&#8221;<\/em><\/strong> ou l&#8217;art de l&#8217;antith\u00e8se. Un bouquet \u00e0 contre-courant: optant pour la strat\u00e9gie inverse, il adopte le parti pris de la fra\u00eecheur extr\u00eame et joue sur le vert et le blanc essentiellement, \u00e9ventuellement le rose tr\u00e8s p\u00e2le. Des compositions en verrerie associant eau, galets (naturels ou d&#8217;oasis), petite billes de verres ou hydrat\u00e9es, gels floraux&#8230; pour un effet &#8220;on the rocks&#8221;.<\/p>\n<\/div>\n<\/div>\n\n\n\n<div class=\"wp-block-columns is-layout-flex wp-container-core-columns-is-layout-9d6595d7 wp-block-columns-is-layout-flex\">\n<div class=\"wp-block-column is-layout-flow wp-block-column-is-layout-flow\" style=\"flex-basis:66.66%\">\n<p><em><strong>Le bouquet insolite<\/strong><\/em> : l&#8217;\u00e9t\u00e9 est propice \u00e0 la qu\u00eate de la fantaisie, de l&#8217;original&#8230; Citons pour exemples la tendance iconoclaste du bouquet noir et blanc, point d&#8217;orgue par exemple d&#8217;une r\u00e9ception chic et anti-conformiste; ou bien la tendance marine, douce et apaisante, du bouquet bleu et blanc qui symbolisera l&#8217;esprit romantique d&#8217;une pi\u00e8ce avec vue sur mer&#8230;<\/p>\n<\/div>\n\n\n\n<div class=\"wp-block-column is-layout-flow wp-block-column-is-layout-flow\" style=\"flex-basis:33.33%\"><div class=\"wp-block-image\">\n<figure class=\"aligncenter\"><a href=\"https:\/\/www.floraclic.eu\/fleursinfo\/wp-content\/uploads\/2014\/07\/bouquet-rond-rose-lisianthus-fleur-gerbera-alstromeria-blanc-parme_etretat.jpg\"><img loading=\"lazy\" decoding=\"async\" width=\"300\" height=\"300\" src=\"https:\/\/www.floraclic.eu\/fleursinfo\/wp-content\/uploads\/2014\/07\/bouquet-rond-rose-lisianthus-fleur-gerbera-alstromeria-blanc-parme_etretat-300x300.jpg\" alt=\"bouquet rond parme et blanc\" class=\"wp-image-1259\" srcset=\"https:\/\/www.floraclic.eu\/fleursinfo\/wp-content\/uploads\/2014\/07\/bouquet-rond-rose-lisianthus-fleur-gerbera-alstromeria-blanc-parme_etretat-300x300.jpg 300w, https:\/\/www.floraclic.eu\/fleursinfo\/wp-content\/uploads\/2014\/07\/bouquet-rond-rose-lisianthus-fleur-gerbera-alstromeria-blanc-parme_etretat-150x150.jpg 150w, https:\/\/www.floraclic.eu\/fleursinfo\/wp-content\/uploads\/2014\/07\/bouquet-rond-rose-lisianthus-fleur-gerbera-alstromeria-blanc-parme_etretat.jpg 600w\" sizes=\"auto, (max-width: 300px) 100vw, 300px\" \/><\/a><figcaption class=\"wp-element-caption\">Bouquet Etretat<\/figcaption><\/figure>\n<\/div><\/div>\n<\/div>\n\n\n\n<p><em><strong>Le bouquet exotique :<\/strong> <\/em>il s&#8217;impose en toute logique dans les d\u00e9cors estivaux, m\u00eame si les fleurs tropicales sont elles plus difficiles d&#8217;approvisionnement (saison hivernale dans la plupart des r\u00e9gions de production). Il s&#8217;accorde avec nos envies d&#8217;\u00e9vasion, de voyages. Hautes en couleur (pour st\u00e9r\u00e9otype: le rouge de l&#8217;anthurium, l&#8217;orang\u00e9 du strelitzia, le fuschia de l&#8217;alpinia, le jaune du shampoo (zingiber zerumbet), le panachage rouge orang\u00e9 parfois jaune de l&#8217;h\u00e9liconia&#8230;), les fleurs exotiques ont l&#8217;avantage certain d&#8217;offrir une bonne tenue lorsque le mercure s&#8217;envole !<\/p>\n\n\n\n<div class=\"wp-block-columns is-layout-flex wp-container-core-columns-is-layout-9d6595d7 wp-block-columns-is-layout-flex\">\n<div class=\"wp-block-column is-layout-flow wp-block-column-is-layout-flow\" style=\"flex-basis:66.66%\">\n<h2 class=\"wp-block-heading\"><strong><em>Les styles de bouquets<\/em><\/strong><\/h2>\n\n\n\n<p><em><strong>Le style d\u00e9coratif<\/strong><\/em> : dans ce type de compositions, le v\u00e9g\u00e9tal en lui-m\u00eame qui perd sa propre identit\u00e9 au profit de l&#8217;ensemble. Il s&#8217;appuie sur un travail sym\u00e9trique ou asym\u00e9trique, inscrit dans une forme g\u00e9om\u00e9trique. C&#8217;est le style le plus repr\u00e9sent\u00e9, quasi omnipr\u00e9sent, avec notamment les bouquets ronds, carr\u00e9s, cascades et la plupart des compositions florales de la fleuristerie.<\/p>\n<\/div>\n\n\n\n<div class=\"wp-block-column is-layout-flow wp-block-column-is-layout-flow\" style=\"flex-basis:33.33%\"><div class=\"wp-block-image\">\n<figure class=\"aligncenter\"><a href=\"https:\/\/www.floraclic.eu\/fleursinfo\/wp-content\/uploads\/2014\/07\/composition-fleur-exotique-heliconia-anthurium-alpinia-rouge-orange-fuschia_caraibe.jpg\"><img loading=\"lazy\" decoding=\"async\" width=\"300\" height=\"300\" src=\"https:\/\/www.floraclic.eu\/fleursinfo\/wp-content\/uploads\/2014\/07\/composition-fleur-exotique-heliconia-anthurium-alpinia-rouge-orange-fuschia_caraibe-300x300.jpg\" alt=\"composition de fleurs exotiques\" class=\"wp-image-1234\" srcset=\"https:\/\/www.floraclic.eu\/fleursinfo\/wp-content\/uploads\/2014\/07\/composition-fleur-exotique-heliconia-anthurium-alpinia-rouge-orange-fuschia_caraibe-300x300.jpg 300w, https:\/\/www.floraclic.eu\/fleursinfo\/wp-content\/uploads\/2014\/07\/composition-fleur-exotique-heliconia-anthurium-alpinia-rouge-orange-fuschia_caraibe-150x150.jpg 150w, https:\/\/www.floraclic.eu\/fleursinfo\/wp-content\/uploads\/2014\/07\/composition-fleur-exotique-heliconia-anthurium-alpinia-rouge-orange-fuschia_caraibe.jpg 600w\" sizes=\"auto, (max-width: 300px) 100vw, 300px\" \/><\/a><figcaption class=\"wp-element-caption\">Composition de fleurs exotiques Cara\u00efbe<\/figcaption><\/figure>\n<\/div><\/div>\n<\/div>\n\n\n\n<p><em><strong>Le style v\u00e9g\u00e9tatif :<\/strong><\/em> il se veut reproduire la Nature au plus proche et respecter une unit\u00e9 dans la saisonnalit\u00e9 et le biotope des v\u00e9g\u00e9taux que l&#8217;on associe, ainsi qu&#8217; une \u00e9chelle logique entre vari\u00e9t\u00e9s. Il respecte le mouvement naturel des fleurs. Tendance beaucoup plus rare et plut\u00f4t difficile de r\u00e9alisation, elle se concr\u00e9tise avec de fabuleux bouquets &#8220;sauvages&#8221; m\u00ealant \u00e9l\u00e9ments bruts et fleurs champ\u00eatres ou par des compositions de plantes respectueuses des proportions.<\/p>\n\n\n\n<p><em><strong>Le style lin\u00e9aire :<\/strong><\/em> son but est d&#8217;\u00eatre avant tout expressif. Il se base sur un travail de lignes \u00e9pur\u00e9es et de vide entre les lignes (vertical ou horizontal). Il aime mettre en sc\u00e8ne le contraste entre les courbes et les droites tout en associant fleurs nobles et jeux de feuillages. Les v\u00e9g\u00e9taux sont l\u00e0 employ\u00e9s comme repr\u00e9sentations abstraites de surfaces, de lignes et de volumes.<\/p>\n\n\n\n<p>&nbsp;<\/p>\n\n\n\n<p>A propos des fleurs et bouquets d\u00e9di\u00e9s aux anniversaires, consultez :<\/p>\n\n\n\n<ul class=\"wp-block-list\">\n<li><strong>notre collection originale : <a href=\"https:\/\/www.floraclic.eu\/evenements-1\/occasions-31\/fleurs-anniversaire-38\" target=\"_blank\">fleurs anniversaire<\/a><\/strong><\/li>\n\n\n\n<li>nos articles et pages :\u00a0 <a title=\"fleurs anniversaire\" href=\"https:\/\/www.floraclic.eu\/fleursinfo\/fleurs-anniversaire-origines-et-traditions\/\" target=\"_blank\">fleurs pour anniversaire<\/a> et  <a title=\"fleurs anniversaire\" href=\"https:\/\/www.floraclic.eu\/fleursinfo\/fleurs-anniversaire\/fleurs-anniversaire-les-gateaux-de-fleurs\/\" target=\"_blank\">Des g\u00e2teaux \u00e0 d\u00e9vorer des yeux !<\/a><\/li>\n<\/ul>\n\n\n\n<p>A propos des diff\u00e9rents types de bouquets : lisez notre article <a href=\"https:\/\/www.floraclic.eu\/fleursinfo\/bouquet-de-fleurs\/\" target=\"_blank\">Les diff\u00e9rents types de bouquets de fleurs<\/a><\/p>\n\n\n\n<p><\/p>\n\n\n\n<p>Par Val\u00e9rie Admart<\/p>\n\n\n\n<p>&nbsp;<\/p>\n\n\n\n<p>&nbsp;<\/p>\n\n\n\n<p>&nbsp;<\/p>\n\n\n\n<p>&nbsp;<\/p>\n\n\n\n<p>&nbsp;<\/p>\n","protected":false},"excerpt":{"rendered":"<p>Par leurs couleurs vives et leur gaiet\u00e9 intrins\u00e8que, les fleurs sont devenues, presqu&#8217;au m\u00eame titre que le g\u00e2teau, un cadeau indispensable pour une f\u00eate d&#8217;anniversaire r\u00e9ussie. Elles habillent avec \u00e9l\u00e9gance de leur esprit festif et de leur lumi\u00e8re pr\u00e9cieuse et fugace les tables estivales. Fort de sa valeur \u00e9motionnelle, le traditionnel bouquet de fleurs va [&hellip;]<\/p>\n","protected":false},"author":1,"featured_media":4291,"parent":0,"menu_order":0,"comment_status":"closed","ping_status":"closed","template":"","meta":{"footnotes":""},"class_list":["post-1194","page","type-page","status-publish","has-post-thumbnail","hentry"],"_links":{"self":[{"href":"https:\/\/www.floraclic.eu\/fleursinfo\/wp-json\/wp\/v2\/pages\/1194","targetHints":{"allow":["GET"]}}],"collection":[{"href":"https:\/\/www.floraclic.eu\/fleursinfo\/wp-json\/wp\/v2\/pages"}],"about":[{"href":"https:\/\/www.floraclic.eu\/fleursinfo\/wp-json\/wp\/v2\/types\/page"}],"author":[{"embeddable":true,"href":"https:\/\/www.floraclic.eu\/fleursinfo\/wp-json\/wp\/v2\/users\/1"}],"replies":[{"embeddable":true,"href":"https:\/\/www.floraclic.eu\/fleursinfo\/wp-json\/wp\/v2\/comments?post=1194"}],"version-history":[{"count":43,"href":"https:\/\/www.floraclic.eu\/fleursinfo\/wp-json\/wp\/v2\/pages\/1194\/revisions"}],"predecessor-version":[{"id":4478,"href":"https:\/\/www.floraclic.eu\/fleursinfo\/wp-json\/wp\/v2\/pages\/1194\/revisions\/4478"}],"wp:featuredmedia":[{"embeddable":true,"href":"https:\/\/www.floraclic.eu\/fleursinfo\/wp-json\/wp\/v2\/media\/4291"}],"wp:attachment":[{"href":"https:\/\/www.floraclic.eu\/fleursinfo\/wp-json\/wp\/v2\/media?parent=1194"}],"curies":[{"name":"wp","href":"https:\/\/api.w.org\/{rel}","templated":true}]}}